{"id":901,"date":"2025-07-30T12:17:43","date_gmt":"2025-07-30T11:17:43","guid":{"rendered":"https:\/\/soundorigins.kindred.agency\/baglan\/personel-rehberi\/"},"modified":"2025-10-28T12:22:05","modified_gmt":"2025-10-28T12:22:05","slug":"personel-rehberi","status":"publish","type":"page","link":"https:\/\/soundorigins.org\/tr\/baglan\/personel-rehberi\/","title":{"rendered":"Personel rehberi"},"content":{"rendered":"<div>\n                    <div class=\"relative bg-cover bg-center bg-no-repeat w-full py-8 md:flex md:items-center md:py-0 md:min-h-[408px]\"\n             style=\"background-image: url('https:\/\/soundorigins.org\/app\/uploads\/2025\/07\/Connect-interwoven-sounds-1_Adjust2-2-scaled.jpg')\" >\n            <div class=\"container\">\n  <div style=\"max-width: 700px\">\n                    <h1 class=\"font-title font-medium leading-[42px] md:leading-[59px]! text-[34px] md:text-[49px]! align wp-block-title\">\n                                                    Ebeveynleri, personeli ve bebekleri ses ve \u015fark\u0131 yoluyla ba\u011flamak i\u00e7in ipu\u00e7lar\u0131 ve fikirler\n                                            <\/h1>\n                <\/div>\n<\/div>        <\/div>\n    <\/div>\n\n\n<section class=\"wp-block-section\" style=\"\">\n                    <div class=\"w-full h-full\">\n                <div class=\"acf-innerblocks-container\">\n<div class=\"container\">\n  <nav class=\"sibling-nav flex flex-row rtl:flex-row-reverse items-center lg:gap-[230px] min-h-[74px] gap-[30px] justify-start rtl:justify-end\" class=\"wp-block-page-navigation\">\n                  <a href=\"https:\/\/soundorigins.org\/tr\/baglan\/ebeveyn-rehberi\/\" \n           class=\"sibling-nav-link font-title font-bold text-body tracking-[0.08em] uppercase text-purple no-underline relative transition-colors duration-300 ease-in-out\">\n          Ebeveyn rehberi\n        <\/a>\n              <a href=\"https:\/\/soundorigins.org\/tr\/baglan\/personel-rehberi\/\" \n           class=\"sibling-nav-link font-title font-bold text-body tracking-[0.08em] uppercase text-purple no-underline relative transition-colors duration-300 ease-in-out current-page\">\n          Personel rehberi\n        <\/a>\n            <\/nav>\n<\/div>\n<\/div>\n            <\/div>\n            <\/section>\n\n\n<section class=\"wp-block-section has-background has-pale-purple-background-color\" style=\"\">\n                    <div class=\"w-full h-full\">\n                <div class=\"acf-innerblocks-container\">\n\n<div class=\"wp-block-columns is-layout-flex wp-container-core-columns-is-layout-cd6a0e38 wp-block-columns-is-layout-flex\" style=\"padding-bottom:0\">\n<div class=\"wp-block-column is-layout-constrained wp-container-core-column-is-layout-92ef7b19 wp-block-column-is-layout-constrained\">\n<figure class=\"wp-block-video\"><video controls poster=\"https:\/\/soundorigins.org\/app\/uploads\/2025\/10\/SO_Video_Staff-thumb.jpg\" src=\"https:\/\/dmt-ipad.s3.eu-west-2.amazonaws.com\/Sound+Origins+Staff_4.mp4\"><\/video><\/figure>\n\n\n\n<p class=\"has-purple-color has-text-color has-link-color wp-elements-d9dbf860eaf51adeb9f7bdd014e4c27c\"><strong>Ailelerin sesler ve \u015fark\u0131lar yoluyla ba\u011f kurmas\u0131n\u0131 desteklemek<\/strong><br>Amac\u0131m\u0131z, ailelerin zorlu zamanlarda kendilerine rahatl\u0131k sa\u011flayan seslerle yeniden ba\u011f kurmalar\u0131n\u0131 desteklemek ve ard\u0131ndan bu sesleri bebekleriyle ba\u011f kurmalar\u0131na yard\u0131mc\u0131 olmak i\u00e7in payla\u015fmalar\u0131n\u0131 sa\u011flamakt\u0131r. Bu sesler favori \u015fark\u0131lar\u0131 veya ninnileri, dualar\u0131, okumalar\u0131 veya sadece konu\u015fmay\u0131 i\u00e7erebilir.<\/p>\n<\/div>\n<\/div>\n\n<\/div>\n            <\/div>\n            <\/section>\n\n\n<section class=\"wp-block-section has-background has-pale-white-background-color\" style=\"\">\n                    <div class=\"w-full h-full\">\n                <div class=\"acf-innerblocks-container\">\n<div class=\"alignfull desktop-vertical-center pin-img wp-block-breakout-layout w-full\" class=\"alignfull desktop-vertical-center pin-img wp-block-breakout-layout\">\n  \n  <div class=\"xl:hidden\">\n    <div class=\"container\">\n  <div class=\"breakout-main-inner mb-8\">\n        <div class=\"acf-innerblocks-container\">\n<section class=\"py-(--wp--custom--spacing--section-padding-mobile-top) md:py-(--wp--custom--spacing--section-padding-desktop) wp-block-section\" style=\"\">\n                    <div class=\"w-full h-full\">\n                <div class=\"acf-innerblocks-container\">\n\n<p class=\"is-style-title-font has-purple-color has-text-color has-link-color wp-elements-17643058ecf4173ea6f74f36fc76cf7b\"><strong>Personel neden dahil olmal\u0131?<\/strong><br>Ebeveynler, ses \u00e7\u0131karma deneyimlerinin daha fazla fark\u0131na varmalar\u0131nda ve kendi seslerini kullanma ve ifade etme konusunda g\u00fcven kazanmalar\u0131nda sizin deste\u011finizden faydalanacaklard\u0131r.<\/p>\n\n\n\n<div class=\"wp-block-group is-content-justification-left is-layout-constrained wp-container-core-group-is-layout-12dd3699 wp-block-group-is-layout-constrained\">\n<p class=\"is-style-body-font no-margin-bottom has-purple-color has-text-color has-link-color wp-elements-b74b7c67adc84a8fc92d7b38e06862c6\"><strong>&#8216;Bana sorun&#8217; rozetini tak\u0131n\u0131z<\/strong><br>Ebeveynlere ses ve \u015fark\u0131 kullan\u0131m\u0131 hakk\u0131nda sohbet etmeye a\u00e7\u0131k oldu\u011funuzu g\u00f6steriniz. Bu \u015fu \u015fekillerde yard\u0131mc\u0131 olabilir:<\/p>\n\n\n\n<ul class=\"wp-block-list no-margin-list-items no-margin-top no-margin-bottom\">\n<li class=\"no-margin-top\">Ebeveynlerin kendilerini duyulmu\u015f hissetmelerine ve bebekleriyle ba\u011f kurmalar\u0131na yard\u0131mc\u0131 olmak<\/li>\n\n\n\n<li>Ebeveynlere zor zamanlarda bile mevcut olabilmeleri i\u00e7in basit ve sevgi dolu bir yol sunmak<\/li>\n\n\n\n<li>Bebe\u011fi geni\u015f ailesiyle ba\u011flamak<\/li>\n\n\n\n<li>Ebeveynlerin sizinle ili\u015fki kurmalar\u0131na yard\u0131mc\u0131 olmak<\/li>\n<\/ul>\n<\/div>\n\n<\/div>\n            <\/div>\n            <\/section>\n\n<\/div>\n      <\/div>\n      \n      \n              <div class=\"breakout-aside\">\n          <div class=\"breakout-aside-inner flex flex-col h-full\">\n            \n            \n            \n                          <div class=\"aside-image mt-auto -mx-6\">\n                <img loading=\"lazy\" decoding=\"async\" \n                  src=\"https:\/\/soundorigins.org\/app\/uploads\/2025\/08\/badge-4.png\" \n                  alt=\"\"\n                  class=\"w-full h-auto object-cover\"\n                                      width=\"406\" \n                    height=\"411\"\n                                  \/>\n              <\/div>\n                      <\/div>\n        <\/div>\n<\/div>  <\/div>\n\n  \n  <div class=\"hidden xl:block\">\n    <div \n      class=\"breakout-layout-grid w-full grid gap-8 xl:gap-0\"\n      style=\"grid-template-columns: 1fr minmax(0, 700px) 1fr;\"\n    >\n      \n      <div class=\"breakout-main mx-auto max-w-[700px] px-6 w-full xl:col-start-2 xl:px-0\">\n        <div class=\"breakout-main-inner flex desktop-vertical-center h-full\">\n          <div class=\"acf-innerblocks-container\">\n<section class=\"py-(--wp--custom--spacing--section-padding-mobile-top) md:py-(--wp--custom--spacing--section-padding-desktop) wp-block-section\" style=\"\">\n                    <div class=\"w-full h-full\">\n                <div class=\"acf-innerblocks-container\">\n\n<p class=\"is-style-title-font has-purple-color has-text-color has-link-color wp-elements-17643058ecf4173ea6f74f36fc76cf7b\"><strong>Personel neden dahil olmal\u0131?<\/strong><br>Ebeveynler, ses \u00e7\u0131karma deneyimlerinin daha fazla fark\u0131na varmalar\u0131nda ve kendi seslerini kullanma ve ifade etme konusunda g\u00fcven kazanmalar\u0131nda sizin deste\u011finizden faydalanacaklard\u0131r.<\/p>\n\n\n\n<div class=\"wp-block-group is-content-justification-left is-layout-constrained wp-container-core-group-is-layout-12dd3699 wp-block-group-is-layout-constrained\">\n<p class=\"is-style-body-font no-margin-bottom has-purple-color has-text-color has-link-color wp-elements-b74b7c67adc84a8fc92d7b38e06862c6\"><strong>&#8216;Bana sorun&#8217; rozetini tak\u0131n\u0131z<\/strong><br>Ebeveynlere ses ve \u015fark\u0131 kullan\u0131m\u0131 hakk\u0131nda sohbet etmeye a\u00e7\u0131k oldu\u011funuzu g\u00f6steriniz. Bu \u015fu \u015fekillerde yard\u0131mc\u0131 olabilir:<\/p>\n\n\n\n<ul class=\"wp-block-list no-margin-list-items no-margin-top no-margin-bottom\">\n<li class=\"no-margin-top\">Ebeveynlerin kendilerini duyulmu\u015f hissetmelerine ve bebekleriyle ba\u011f kurmalar\u0131na yard\u0131mc\u0131 olmak<\/li>\n\n\n\n<li>Ebeveynlere zor zamanlarda bile mevcut olabilmeleri i\u00e7in basit ve sevgi dolu bir yol sunmak<\/li>\n\n\n\n<li>Bebe\u011fi geni\u015f ailesiyle ba\u011flamak<\/li>\n\n\n\n<li>Ebeveynlerin sizinle ili\u015fki kurmalar\u0131na yard\u0131mc\u0131 olmak<\/li>\n<\/ul>\n<\/div>\n\n<\/div>\n            <\/div>\n            <\/section>\n\n<\/div>\n        <\/div>\n      <\/div>\n\n      \n              <div class=\"breakout-aside xl:row-start-1 mt-8 xl:mt-0 p-6 xl:p-8 flex flex-col xl:col-start-3 xl:-mr-8\">\n          <div class=\"flex flex-col h-full\" >\n            <div class=\"breakout-aside-inner flex flex-col h-full\">\n              \n              \n              \n                              <div class=\"aside-image mt-auto xl:-mr-8\">\n                  <img loading=\"lazy\" decoding=\"async\" \n                    src=\"https:\/\/soundorigins.org\/app\/uploads\/2025\/08\/badge-4.png\" \n                    alt=\"\"\n                    class=\"w-full h-auto object-cover breakout-image-right\"\n                                          width=\"406\" \n                      height=\"411\"\n                                      \/>\n                <\/div>\n                          <\/div>\n          <\/div>\n        <\/div>\n        <\/div>\n<\/div>\n\n\n\n<\/div>\n            <\/div>\n            <\/section>\n\n\n<section class=\"wp-block-section has-background has-pale-purple-background-color\" style=\"\">\n                    <div class=\"w-full h-full\">\n                <div class=\"acf-innerblocks-container\">\n\n<div class=\"wp-block-columns is-layout-flex wp-container-core-columns-is-layout-28f84493 wp-block-columns-is-layout-flex\">\n<div class=\"wp-block-column is-layout-constrained wp-container-core-column-is-layout-92ef7b19 wp-block-column-is-layout-constrained\">\n<h2 class=\"wp-block-heading is-style-title-font has-purple-color has-text-color has-link-color wp-elements-364840a9e86435ccb690c0273cfbbf96\">Konu\u015fmaya nas\u0131l ba\u015flan\u0131r<\/h2>\n\n\n\n<p class=\"has-purple-color has-text-color has-link-color wp-elements-65566845674e2dc3521e47619533e775\"><strong>1. Sorunuz<\/strong><br>\u00d6rne\u011fin, &#8216;Bebe\u011finiz do\u011fumdan \u00f6nce hangi sesleri biliyor olabilir?&#8217; veya &#8216;Bu sesleri bebe\u011finizle payla\u015fma f\u0131rsat\u0131n\u0131z oldu mu?&#8217;<\/p>\n\n\n\n<p class=\"has-purple-color has-text-color has-link-color wp-elements-4454275378106a3b11cd266a20518ec7\"><strong>2. Dinleyiniz ve kabul ediniz<\/strong><br>K\u00fc\u00e7\u00fck olanlar bile olsa, duygular\u0131n\u0131 ve \u00e7abalar\u0131n\u0131 destekleyiniz.<\/p>\n\n\n\n<div class=\"wp-block-group is-content-justification-left is-layout-constrained wp-container-core-group-is-layout-12dd3699 wp-block-group-is-layout-constrained\">\n<p class=\"has-purple-color has-text-color has-link-color wp-elements-f41d9d68d22f0c906aee4c1adf94a47c\"><strong>3. Tavsiye ve yard\u0131m sununuz<\/strong><\/p>\n\n\n\n<ul class=\"wp-block-list no-margin-list-items no-margin-top no-margin-bottom\">\n<li class=\"no-margin-top no-margin-bottom\">Onlar\u0131 rahatlat\u0131n\u0131z<\/li>\n\n\n\n<li class=\"no-margin-top no-margin-bottom\">Giri\u015fimlerini onaylay\u0131n\u0131z<\/li>\n\n\n\n<li class=\"no-margin-top no-margin-bottom\">Bebe\u011fi anlama konusunda destek veriniz<\/li>\n<\/ul>\n<\/div>\n<\/div>\n<\/div>\n\n<\/div>\n            <\/div>\n            <\/section>\n\n\n<section class=\"wp-block-section has-background has-cream-2-background-color\" style=\"\">\n                    <div class=\"w-full h-full\">\n                <div class=\"acf-innerblocks-container\">\n\n<div class=\"wp-block-columns is-style-vertical-center is-layout-flex wp-container-core-columns-is-layout-a5331a9e wp-block-columns-is-layout-flex\" style=\"padding-top:0;padding-right:0;padding-bottom:0;padding-left:0\">\n<div class=\"wp-block-column is-layout-constrained wp-container-core-column-is-layout-782236d7 wp-block-column-is-layout-constrained\">\n<h2 class=\"wp-block-heading is-style-title-font has-purple-color has-text-color has-link-color wp-elements-d2b787877bceeea8957dd1f3fe8e25dc\">Unutmay\u0131n\u0131z \u2013 k\u00fc\u00e7\u00fck konu\u015fmalar b\u00fcy\u00fck fark yarat\u0131r<\/h2>\n\n\n\n<div class=\"wp-block-buttons is-layout-flex wp-block-buttons-is-layout-flex\">\n<div class=\"wp-block-button\"><a class=\"wp-block-button__link has-bright-purple-background-color has-background wp-element-button\" href=\"https:\/\/soundorigins.org\/tr\/baglan\/\">Bizimle ileti\u015fime ge\u00e7in<\/a><\/div>\n<\/div>\n<\/div>\n<\/div>\n\n<\/div>\n            <\/div>\n            <\/section>\n","protected":false},"excerpt":{"rendered":"","protected":false},"author":1,"featured_media":0,"parent":878,"menu_order":0,"comment_status":"closed","ping_status":"closed","template":"","meta":{"_acf_changed":false,"navigation_active_colour":"","footnotes":""},"class_list":["post-901","page","type-page","status-publish","hentry"],"acf":[],"_links":{"self":[{"href":"https:\/\/soundorigins.org\/tr\/wp-json\/wp\/v2\/pages\/901","targetHints":{"allow":["GET"]}}],"collection":[{"href":"https:\/\/soundorigins.org\/tr\/wp-json\/wp\/v2\/pages"}],"about":[{"href":"https:\/\/soundorigins.org\/tr\/wp-json\/wp\/v2\/types\/page"}],"author":[{"embeddable":true,"href":"https:\/\/soundorigins.org\/tr\/wp-json\/wp\/v2\/users\/1"}],"replies":[{"embeddable":true,"href":"https:\/\/soundorigins.org\/tr\/wp-json\/wp\/v2\/comments?post=901"}],"version-history":[{"count":2,"href":"https:\/\/soundorigins.org\/tr\/wp-json\/wp\/v2\/pages\/901\/revisions"}],"predecessor-version":[{"id":1298,"href":"https:\/\/soundorigins.org\/tr\/wp-json\/wp\/v2\/pages\/901\/revisions\/1298"}],"up":[{"embeddable":true,"href":"https:\/\/soundorigins.org\/tr\/wp-json\/wp\/v2\/pages\/878"}],"wp:attachment":[{"href":"https:\/\/soundorigins.org\/tr\/wp-json\/wp\/v2\/media?parent=901"}],"curies":[{"name":"wp","href":"https:\/\/api.w.org\/{rel}","templated":true}]}}

<div>
                    <div class="relative bg-cover bg-center bg-no-repeat w-full py-8 md:flex md:items-center md:py-0 md:min-h-[408px]"
             style="background-image: url('https://soundorigins.org/app/uploads/2025/07/Connect-interwoven-sounds-1_Adjust2-2-scaled.jpg')" >
            <div class="container">
  <div style="max-width: 700px">
                    <h1 class="font-title font-medium leading-[42px] md:leading-[59px]! text-[34px] md:text-[49px]! align wp-block-title">
                                                    Ebeveynleri, personeli ve bebekleri ses ve şarkı yoluyla bağlamak için ipuçları ve fikirler
                                            </h1>
                </div>
</div>        </div>
    </div>


<section class="wp-block-section" style="">
                    <div class="w-full h-full">
                <div class="acf-innerblocks-container">
<div class="container">
  <nav class="sibling-nav flex flex-row rtl:flex-row-reverse items-center lg:gap-[230px] min-h-[74px] gap-[30px] justify-start rtl:justify-end" class="wp-block-page-navigation">
                  <a href="https://soundorigins.org/tr/baglan/ebeveyn-rehberi/" 
           class="sibling-nav-link font-title font-bold text-body tracking-[0.08em] uppercase text-purple no-underline relative transition-colors duration-300 ease-in-out">
          Ebeveyn rehberi
        </a>
              <a href="https://soundorigins.org/tr/baglan/personel-rehberi/" 
           class="sibling-nav-link font-title font-bold text-body tracking-[0.08em] uppercase text-purple no-underline relative transition-colors duration-300 ease-in-out current-page">
          Personel rehberi
        </a>
            </nav>
</div>
</div>
            </div>
            </section>


<section class="wp-block-section has-background has-pale-purple-background-color" style="">
                    <div class="w-full h-full">
                <div class="acf-innerblocks-container">

<div class="wp-block-columns is-layout-flex wp-container-core-columns-is-layout-cd6a0e38 wp-block-columns-is-layout-flex" style="padding-bottom:0">
<div class="wp-block-column is-layout-constrained wp-container-core-column-is-layout-92ef7b19 wp-block-column-is-layout-constrained">
<figure class="wp-block-video"><video controls poster="https://soundorigins.org/app/uploads/2025/10/SO_Video_Staff-thumb.jpg" src="https://dmt-ipad.s3.eu-west-2.amazonaws.com/Sound+Origins+Staff_4.mp4"></video></figure>



<p class="has-purple-color has-text-color has-link-color wp-elements-d9dbf860eaf51adeb9f7bdd014e4c27c"><strong>Ailelerin sesler ve şarkılar yoluyla bağ kurmasını desteklemek</strong><br>Amacımız, ailelerin zorlu zamanlarda kendilerine rahatlık sağlayan seslerle yeniden bağ kurmalarını desteklemek ve ardından bu sesleri bebekleriyle bağ kurmalarına yardımcı olmak için paylaşmalarını sağlamaktır. Bu sesler favori şarkıları veya ninnileri, duaları, okumaları veya sadece konuşmayı içerebilir.</p>
</div>
</div>

</div>
            </div>
            </section>


<section class="wp-block-section has-background has-pale-white-background-color" style="">
                    <div class="w-full h-full">
                <div class="acf-innerblocks-container">
<div class="alignfull desktop-vertical-center pin-img wp-block-breakout-layout w-full" class="alignfull desktop-vertical-center pin-img wp-block-breakout-layout">
  
  <div class="xl:hidden">
    <div class="container">
  <div class="breakout-main-inner mb-8">
        <div class="acf-innerblocks-container">
<section class="py-(--wp--custom--spacing--section-padding-mobile-top) md:py-(--wp--custom--spacing--section-padding-desktop) wp-block-section" style="">
                    <div class="w-full h-full">
                <div class="acf-innerblocks-container">

<p class="is-style-title-font has-purple-color has-text-color has-link-color wp-elements-17643058ecf4173ea6f74f36fc76cf7b"><strong>Personel neden dahil olmalı?</strong><br>Ebeveynler, ses çıkarma deneyimlerinin daha fazla farkına varmalarında ve kendi seslerini kullanma ve ifade etme konusunda güven kazanmalarında sizin desteğinizden faydalanacaklardır.</p>



<div class="wp-block-group is-content-justification-left is-layout-constrained wp-container-core-group-is-layout-12dd3699 wp-block-group-is-layout-constrained">
<p class="is-style-body-font no-margin-bottom has-purple-color has-text-color has-link-color wp-elements-b74b7c67adc84a8fc92d7b38e06862c6"><strong>&#8216;Bana sorun&#8217; rozetini takınız</strong><br>Ebeveynlere ses ve şarkı kullanımı hakkında sohbet etmeye açık olduğunuzu gösteriniz. Bu şu şekillerde yardımcı olabilir:</p>



<ul class="wp-block-list no-margin-list-items no-margin-top no-margin-bottom">
<li class="no-margin-top">Ebeveynlerin kendilerini duyulmuş hissetmelerine ve bebekleriyle bağ kurmalarına yardımcı olmak</li>



<li>Ebeveynlere zor zamanlarda bile mevcut olabilmeleri için basit ve sevgi dolu bir yol sunmak</li>



<li>Bebeği geniş ailesiyle bağlamak</li>



<li>Ebeveynlerin sizinle ilişki kurmalarına yardımcı olmak</li>
</ul>
</div>

</div>
            </div>
            </section>

</div>
      </div>
      
      
              <div class="breakout-aside">
          <div class="breakout-aside-inner flex flex-col h-full">
            
            
            
                          <div class="aside-image mt-auto -mx-6">
                <img loading="lazy" decoding="async" 
                  src="https://soundorigins.org/app/uploads/2025/08/badge-4.png" 
                  alt=""
                  class="w-full h-auto object-cover"
                                      width="406" 
                    height="411"
                                  />
              </div>
                      </div>
        </div>
</div>  </div>

  
  <div class="hidden xl:block">
    <div 
      class="breakout-layout-grid w-full grid gap-8 xl:gap-0"
      style="grid-template-columns: 1fr minmax(0, 700px) 1fr;"
    >
      
      <div class="breakout-main mx-auto max-w-[700px] px-6 w-full xl:col-start-2 xl:px-0">
        <div class="breakout-main-inner flex desktop-vertical-center h-full">
          <div class="acf-innerblocks-container">
<section class="py-(--wp--custom--spacing--section-padding-mobile-top) md:py-(--wp--custom--spacing--section-padding-desktop) wp-block-section" style="">
                    <div class="w-full h-full">
                <div class="acf-innerblocks-container">

<p class="is-style-title-font has-purple-color has-text-color has-link-color wp-elements-17643058ecf4173ea6f74f36fc76cf7b"><strong>Personel neden dahil olmalı?</strong><br>Ebeveynler, ses çıkarma deneyimlerinin daha fazla farkına varmalarında ve kendi seslerini kullanma ve ifade etme konusunda güven kazanmalarında sizin desteğinizden faydalanacaklardır.</p>



<div class="wp-block-group is-content-justification-left is-layout-constrained wp-container-core-group-is-layout-12dd3699 wp-block-group-is-layout-constrained">
<p class="is-style-body-font no-margin-bottom has-purple-color has-text-color has-link-color wp-elements-b74b7c67adc84a8fc92d7b38e06862c6"><strong>&#8216;Bana sorun&#8217; rozetini takınız</strong><br>Ebeveynlere ses ve şarkı kullanımı hakkında sohbet etmeye açık olduğunuzu gösteriniz. Bu şu şekillerde yardımcı olabilir:</p>



<ul class="wp-block-list no-margin-list-items no-margin-top no-margin-bottom">
<li class="no-margin-top">Ebeveynlerin kendilerini duyulmuş hissetmelerine ve bebekleriyle bağ kurmalarına yardımcı olmak</li>



<li>Ebeveynlere zor zamanlarda bile mevcut olabilmeleri için basit ve sevgi dolu bir yol sunmak</li>



<li>Bebeği geniş ailesiyle bağlamak</li>



<li>Ebeveynlerin sizinle ilişki kurmalarına yardımcı olmak</li>
</ul>
</div>

</div>
            </div>
            </section>

</div>
        </div>
      </div>

      
              <div class="breakout-aside xl:row-start-1 mt-8 xl:mt-0 p-6 xl:p-8 flex flex-col xl:col-start-3 xl:-mr-8">
          <div class="flex flex-col h-full" >
            <div class="breakout-aside-inner flex flex-col h-full">
              
              
              
                              <div class="aside-image mt-auto xl:-mr-8">
                  <img loading="lazy" decoding="async" 
                    src="https://soundorigins.org/app/uploads/2025/08/badge-4.png" 
                    alt=""
                    class="w-full h-auto object-cover breakout-image-right"
                                          width="406" 
                      height="411"
                                      />
                </div>
                          </div>
          </div>
        </div>
        </div>
</div>



</div>
            </div>
            </section>


<section class="wp-block-section has-background has-pale-purple-background-color" style="">
                    <div class="w-full h-full">
                <div class="acf-innerblocks-container">

<div class="wp-block-columns is-layout-flex wp-container-core-columns-is-layout-28f84493 wp-block-columns-is-layout-flex">
<div class="wp-block-column is-layout-constrained wp-container-core-column-is-layout-92ef7b19 wp-block-column-is-layout-constrained">
<h2 class="wp-block-heading is-style-title-font has-purple-color has-text-color has-link-color wp-elements-364840a9e86435ccb690c0273cfbbf96">Konuşmaya nasıl başlanır</h2>



<p class="has-purple-color has-text-color has-link-color wp-elements-65566845674e2dc3521e47619533e775"><strong>1. Sorunuz</strong><br>Örneğin, &#8216;Bebeğiniz doğumdan önce hangi sesleri biliyor olabilir?&#8217; veya &#8216;Bu sesleri bebeğinizle paylaşma fırsatınız oldu mu?&#8217;</p>



<p class="has-purple-color has-text-color has-link-color wp-elements-4454275378106a3b11cd266a20518ec7"><strong>2. Dinleyiniz ve kabul ediniz</strong><br>Küçük olanlar bile olsa, duygularını ve çabalarını destekleyiniz.</p>



<div class="wp-block-group is-content-justification-left is-layout-constrained wp-container-core-group-is-layout-12dd3699 wp-block-group-is-layout-constrained">
<p class="has-purple-color has-text-color has-link-color wp-elements-f41d9d68d22f0c906aee4c1adf94a47c"><strong>3. Tavsiye ve yardım sununuz</strong></p>



<ul class="wp-block-list no-margin-list-items no-margin-top no-margin-bottom">
<li class="no-margin-top no-margin-bottom">Onları rahatlatınız</li>



<li class="no-margin-top no-margin-bottom">Girişimlerini onaylayınız</li>



<li class="no-margin-top no-margin-bottom">Bebeği anlama konusunda destek veriniz</li>
</ul>
</div>
</div>
</div>

</div>
            </div>
            </section>


<section class="wp-block-section has-background has-cream-2-background-color" style="">
                    <div class="w-full h-full">
                <div class="acf-innerblocks-container">

<div class="wp-block-columns is-style-vertical-center is-layout-flex wp-container-core-columns-is-layout-a5331a9e wp-block-columns-is-layout-flex" style="padding-top:0;padding-right:0;padding-bottom:0;padding-left:0">
<div class="wp-block-column is-layout-constrained wp-container-core-column-is-layout-782236d7 wp-block-column-is-layout-constrained">
<h2 class="wp-block-heading is-style-title-font has-purple-color has-text-color has-link-color wp-elements-d2b787877bceeea8957dd1f3fe8e25dc">Unutmayınız – küçük konuşmalar büyük fark yaratır</h2>



<div class="wp-block-buttons is-layout-flex wp-block-buttons-is-layout-flex">
<div class="wp-block-button"><a class="wp-block-button__link has-bright-purple-background-color has-background wp-element-button" href="https://soundorigins.org/tr/baglan/">Bizimle iletişime geçin</a></div>
</div>
</div>
</div>

</div>
            </div>
            </section>
