{"id":819,"date":"2025-08-05T08:33:16","date_gmt":"2025-08-05T07:33:16","guid":{"rendered":"https:\/\/soundorigins.kindred.agency\/personel\/"},"modified":"2025-10-13T10:01:29","modified_gmt":"2025-10-13T09:01:29","slug":"personel","status":"publish","type":"page","link":"https:\/\/soundorigins.org\/tr\/calma-listeleri\/personel\/","title":{"rendered":"Personel"},"content":{"rendered":"<div>\n                    <div class=\"relative bg-cover bg-center bg-no-repeat w-full py-8 md:flex md:items-center md:py-0 md:min-h-[408px]\"\n             style=\"background-image: url('https:\/\/soundorigins.org\/app\/uploads\/2025\/07\/Playlists-interwoven-sounds-1_Adjust2-2-scaled.jpg')\" >\n            <div class=\"container\">\n  <div style=\"max-width: 829px\">\n                    <h1 class=\"font-title font-medium leading-[42px] md:leading-[59px]! text-[34px] md:text-[49px]! align wp-block-title\">\n                                                    Bu \u00e7alma listeleri, ses ve \u015fark\u0131 bulurken ba\u015flang\u0131\u00e7 noktas\u0131 olmas\u0131 i\u00e7in di\u011fer ebeveynler taraf\u0131ndan sizin i\u00e7in haz\u0131rlanm\u0131\u015ft\u0131r\n                                            <\/h1>\n                <\/div>\n<\/div>        <\/div>\n    <\/div>\n\n\n<section class=\"wp-block-section has-background has-cream-background-color\" style=\"\">\n                    <div class=\"w-full h-full\">\n                <div class=\"acf-innerblocks-container\">\n<div class=\"container\">\n  <nav class=\"sibling-nav flex flex-row rtl:flex-row-reverse items-center lg:gap-[230px] min-h-[74px] gap-[30px] justify-start rtl:justify-end\" class=\"wp-block-page-navigation\">\n                  <a href=\"https:\/\/soundorigins.org\/tr\/calma-listeleri\/ebeveynler\/\" \n           class=\"sibling-nav-link font-title font-bold text-body tracking-[0.08em] uppercase text-purple no-underline relative transition-colors duration-300 ease-in-out\">\n          Ebeveynler\n        <\/a>\n              <a href=\"https:\/\/soundorigins.org\/tr\/calma-listeleri\/personel\/\" \n           class=\"sibling-nav-link font-title font-bold text-body tracking-[0.08em] uppercase text-purple no-underline relative transition-colors duration-300 ease-in-out current-page\">\n          Personel\n        <\/a>\n            <\/nav>\n<\/div>\n<\/div>\n            <\/div>\n            <\/section>\n\n\n<section class=\"wp-block-section has-background has-cream-3-background-color\" style=\"\">\n                    <div class=\"w-full h-full\">\n                <div class=\"acf-innerblocks-container\">\n\n<div class=\"wp-block-columns is-layout-flex wp-container-core-columns-is-layout-28f84493 wp-block-columns-is-layout-flex\">\n<div class=\"wp-block-column is-layout-flow wp-block-column-is-layout-flow\" style=\"flex-basis:679px\">\n<p>Bazen deneyimlerimizde yaln\u0131z olmad\u0131\u011f\u0131m\u0131z\u0131 hat\u0131rlamak faydal\u0131d\u0131r. Ekiplerimizin \u00e7e\u015fitlili\u011fini kutlamak da faydal\u0131d\u0131r. Meslekta\u015flar\u0131n\u0131zla birlikte, her bireyin ekibinize getirdi\u011fi benzersiz kimlikleri kutlamak ve ekibinizi birbirinizi desteklemek ve zor zamanlarda fikirler bulmak i\u00e7in g\u00fc\u00e7l\u00fc bir yer haline getirmek amac\u0131yla ortak \u00e7alma listeleri olu\u015fturman\u0131z\u0131 \u00f6neriyoruz&#8230;<br>Herkesin farkl\u0131 zamanlarda faydal\u0131 buldu\u011fu farkl\u0131 sesler vard\u0131r. Bunlar do\u011fa sesleri, dans mar\u015flar\u0131, heavy metal, klasik m\u00fczik, dua olabilir. Bazen nereden ba\u015flayaca\u011f\u0131n\u0131 bilmek zordur.<br>Ekibinizde 3 ortak \u00e7alma listesi olu\u015fturmay\u0131 deneyin. Tek kural, kelimelerin olumlu, rahatlat\u0131c\u0131, g\u00fcven verici, g\u00fc\u00e7lendirici veya enerji verici olmas\u0131 gerekti\u011fidir:<\/p>\n<\/div>\n<\/div>\n\n<\/div>\n            <\/div>\n            <\/section>\n\n\n<section class=\"home-image-row wp-block-section has-background has-cream-background-color\" style=\"\">\n                    <div class=\"w-full h-full\">\n                <div class=\"acf-innerblocks-container\">\n\n<div class=\"wp-block-columns force-wrap-mobile sage-break-out-right is-layout-flex wp-container-core-columns-is-layout-28f84493 wp-block-columns-is-layout-flex\" style=\"display:flex;overflow:visible\">\n<div class=\"wp-block-column is-style-vertical-top mobile-section-desktop-spacing-bottom desktop-vertical-center is-layout-flow wp-block-column-is-layout-flow\">\n<h2 class=\"wp-block-heading is-style-title-font has-purple-color has-text-color has-link-color wp-elements-c974ced6793d3e1b4ca9c0b75d4cddf0\">\u00c7alma listesi nas\u0131l yap\u0131l\u0131r<\/h2>\n\n\n\n<p><br>Se\u00e7ti\u011finiz ses ve \u015fark\u0131lar\u0131 her \u00e7alma listesine ekleyin ve ekibiniz taraf\u0131ndan eklenen par\u00e7alar\u0131 dinleyin:<br><br><\/p>\n\n\n\n<p><strong>Ad\u0131m 1: Spotify&#8217;\u0131 a\u00e7\u0131n<\/strong><\/p>\n\n\n\n<div style=\"height:4px\" aria-hidden=\"true\" class=\"wp-block-spacer\"><\/div>\n\n\n\n<ul class=\"wp-block-list outdented-list\">\n<li>Telefonunuz\/tabletinizdeki ye\u015fil Spotify uygulamas\u0131na dokunun<\/li>\n\n\n\n<li>\u0130ndirilmedi mi? Uygulama ma\u011fazan\u0131zdan \u00fccretsiz edinin<\/li>\n<\/ul>\n\n\n\n<p><strong>Ad\u0131m 2: Yeni bir \u00e7alma listesi ba\u015flat\u0131n<\/strong><\/p>\n\n\n\n<div style=\"height:4px\" aria-hidden=\"true\" class=\"wp-block-spacer\"><\/div>\n\n\n\n<ol class=\"wp-block-list outdented-list\">\n<li>&#8216;Kitapl\u0131\u011f\u0131n\u0131z&#8217;a dokunun ve &#8216;\u0130\u015fbirlik\u00e7i \u00e7alma listesi&#8217;ni se\u00e7in<\/li>\n\n\n\n<li>Bir isim verin (\u00f6rn. &#8216;Ya\u011fmurlu melodiler&#8217;)<\/li>\n\n\n\n<li>&#8216;Olu\u015ftur&#8217;a dokunun<\/li>\n\n\n\n<li>\u0130\u015fbirlik\u00e7ileri davet edin<\/li>\n\n\n\n<li>Ba\u011flant\u0131y\u0131 kopyalay\u0131n veya mesajlarda payla\u015f\u0131n<\/li>\n<\/ol>\n\n\n\n<p><strong>Ad\u0131m 3: \u015eark\u0131 ekleyin<\/strong><\/p>\n\n\n\n<div style=\"height:4px\" aria-hidden=\"true\" class=\"wp-block-spacer\"><\/div>\n\n\n\n<ul class=\"wp-block-list dash-list outdented-list\">\n<li>Bir \u015fark\u0131 aray\u0131n (arama simgesine dokunun)<\/li>\n\n\n\n<li>&#8216;\u00c7alma listesine ekle&#8217;ye dokunun (\u015fark\u0131n\u0131n yan\u0131nda)<\/li>\n\n\n\n<li>Yeni \u00e7alma listenizi se\u00e7in<\/li>\n\n\n\n<li>Daha fazla \u015fark\u0131 i\u00e7in tekrarlay\u0131n<\/li>\n<\/ul>\n<\/div>\n\n\n\n<div class=\"wp-block-column sage-column-align-bottom is-layout-flow wp-block-column-is-layout-flow\" style=\"padding-top:var(--wp--preset--spacing--section-desktop);padding-bottom:0;padding-left:var(--wp--preset--spacing--70)\">\n<figure class=\"wp-block-image size-full float-right home-image-row-playlist-img\"><img decoding=\"async\" src=\"https:\/\/soundorigins.org\/app\/uploads\/2025\/10\/phone-multi-languages.png\" alt=\"\" class=\"wp-image-1204\"\/><\/figure>\n<\/div>\n<\/div>\n\n<\/div>\n            <\/div>\n            <\/section>\n\n\n<section class=\"wp-elements-d263332b74bdfb628027433fd437b4d3 wp-block-section has-text-color has-purple-color has-background has-cream-3-background-color\" style=\"\">\n                    <div class=\"w-full h-full\">\n                <div class=\"acf-innerblocks-container\">\n\n<div class=\"wp-block-columns is-style-vertical-center is-layout-flex wp-container-core-columns-is-layout-a5331a9e wp-block-columns-is-layout-flex\" style=\"padding-top:0;padding-right:0;padding-bottom:0;padding-left:0\">\n<div class=\"wp-block-column is-layout-constrained wp-container-core-column-is-layout-782236d7 wp-block-column-is-layout-constrained\">\n<h2 class=\"wp-block-heading is-style-title-font has-purple-color has-text-color has-link-color wp-elements-38693f776e040df4a82cbfb23e77a166\">Aileniz, toplulu\u011funuz veya servisiniz i\u00e7in kendi \u00e7alma listenizi olu\u015fturun. Sizinkini de bizimle payla\u015f\u0131rsan\u0131z \u00e7ok memnun oluruz.<\/h2>\n\n\n\n<div class=\"wp-block-buttons is-layout-flex wp-block-buttons-is-layout-flex\">\n<div class=\"wp-block-button\"><a class=\"wp-block-button__link has-cream-3-color has-red-background-color has-text-color has-background has-link-color wp-element-button\" href=\"https:\/\/soundorigins.org\/connect\/\">Bizimle ileti\u015fime ge\u00e7in<\/a><\/div>\n<\/div>\n<\/div>\n<\/div>\n\n<\/div>\n            <\/div>\n            <\/section>\n","protected":false},"excerpt":{"rendered":"","protected":false},"author":1,"featured_media":0,"parent":921,"menu_order":0,"comment_status":"closed","ping_status":"closed","template":"","meta":{"_acf_changed":false,"navigation_active_colour":"","footnotes":""},"class_list":["post-819","page","type-page","status-publish","hentry"],"acf":[],"_links":{"self":[{"href":"https:\/\/soundorigins.org\/tr\/wp-json\/wp\/v2\/pages\/819","targetHints":{"allow":["GET"]}}],"collection":[{"href":"https:\/\/soundorigins.org\/tr\/wp-json\/wp\/v2\/pages"}],"about":[{"href":"https:\/\/soundorigins.org\/tr\/wp-json\/wp\/v2\/types\/page"}],"author":[{"embeddable":true,"href":"https:\/\/soundorigins.org\/tr\/wp-json\/wp\/v2\/users\/1"}],"replies":[{"embeddable":true,"href":"https:\/\/soundorigins.org\/tr\/wp-json\/wp\/v2\/comments?post=819"}],"version-history":[{"count":3,"href":"https:\/\/soundorigins.org\/tr\/wp-json\/wp\/v2\/pages\/819\/revisions"}],"predecessor-version":[{"id":1205,"href":"https:\/\/soundorigins.org\/tr\/wp-json\/wp\/v2\/pages\/819\/revisions\/1205"}],"up":[{"embeddable":true,"href":"https:\/\/soundorigins.org\/tr\/wp-json\/wp\/v2\/pages\/921"}],"wp:attachment":[{"href":"https:\/\/soundorigins.org\/tr\/wp-json\/wp\/v2\/media?parent=819"}],"curies":[{"name":"wp","href":"https:\/\/api.w.org\/{rel}","templated":true}]}}

<div>
                    <div class="relative bg-cover bg-center bg-no-repeat w-full py-8 md:flex md:items-center md:py-0 md:min-h-[408px]"
             style="background-image: url('https://soundorigins.org/app/uploads/2025/07/Playlists-interwoven-sounds-1_Adjust2-2-scaled.jpg')" >
            <div class="container">
  <div style="max-width: 829px">
                    <h1 class="font-title font-medium leading-[42px] md:leading-[59px]! text-[34px] md:text-[49px]! align wp-block-title">
                                                    Bu çalma listeleri, ses ve şarkı bulurken başlangıç noktası olması için diğer ebeveynler tarafından sizin için hazırlanmıştır
                                            </h1>
                </div>
</div>        </div>
    </div>


<section class="wp-block-section has-background has-cream-background-color" style="">
                    <div class="w-full h-full">
                <div class="acf-innerblocks-container">
<div class="container">
  <nav class="sibling-nav flex flex-row rtl:flex-row-reverse items-center lg:gap-[230px] min-h-[74px] gap-[30px] justify-start rtl:justify-end" class="wp-block-page-navigation">
                  <a href="https://soundorigins.org/tr/calma-listeleri/ebeveynler/" 
           class="sibling-nav-link font-title font-bold text-body tracking-[0.08em] uppercase text-purple no-underline relative transition-colors duration-300 ease-in-out">
          Ebeveynler
        </a>
              <a href="https://soundorigins.org/tr/calma-listeleri/personel/" 
           class="sibling-nav-link font-title font-bold text-body tracking-[0.08em] uppercase text-purple no-underline relative transition-colors duration-300 ease-in-out current-page">
          Personel
        </a>
            </nav>
</div>
</div>
            </div>
            </section>


<section class="wp-block-section has-background has-cream-3-background-color" style="">
                    <div class="w-full h-full">
                <div class="acf-innerblocks-container">

<div class="wp-block-columns is-layout-flex wp-container-core-columns-is-layout-28f84493 wp-block-columns-is-layout-flex">
<div class="wp-block-column is-layout-flow wp-block-column-is-layout-flow" style="flex-basis:679px">
<p>Bazen deneyimlerimizde yalnız olmadığımızı hatırlamak faydalıdır. Ekiplerimizin çeşitliliğini kutlamak da faydalıdır. Meslektaşlarınızla birlikte, her bireyin ekibinize getirdiği benzersiz kimlikleri kutlamak ve ekibinizi birbirinizi desteklemek ve zor zamanlarda fikirler bulmak için güçlü bir yer haline getirmek amacıyla ortak çalma listeleri oluşturmanızı öneriyoruz&#8230;<br>Herkesin farklı zamanlarda faydalı bulduğu farklı sesler vardır. Bunlar doğa sesleri, dans marşları, heavy metal, klasik müzik, dua olabilir. Bazen nereden başlayacağını bilmek zordur.<br>Ekibinizde 3 ortak çalma listesi oluşturmayı deneyin. Tek kural, kelimelerin olumlu, rahatlatıcı, güven verici, güçlendirici veya enerji verici olması gerektiğidir:</p>
</div>
</div>

</div>
            </div>
            </section>


<section class="home-image-row wp-block-section has-background has-cream-background-color" style="">
                    <div class="w-full h-full">
                <div class="acf-innerblocks-container">

<div class="wp-block-columns force-wrap-mobile sage-break-out-right is-layout-flex wp-container-core-columns-is-layout-28f84493 wp-block-columns-is-layout-flex" style="display:flex;overflow:visible">
<div class="wp-block-column is-style-vertical-top mobile-section-desktop-spacing-bottom desktop-vertical-center is-layout-flow wp-block-column-is-layout-flow">
<h2 class="wp-block-heading is-style-title-font has-purple-color has-text-color has-link-color wp-elements-c974ced6793d3e1b4ca9c0b75d4cddf0">Çalma listesi nasıl yapılır</h2>



<p><br>Seçtiğiniz ses ve şarkıları her çalma listesine ekleyin ve ekibiniz tarafından eklenen parçaları dinleyin:<br><br></p>



<p><strong>Adım 1: Spotify&#8217;ı açın</strong></p>



<div style="height:4px" aria-hidden="true" class="wp-block-spacer"></div>



<ul class="wp-block-list outdented-list">
<li>Telefonunuz/tabletinizdeki yeşil Spotify uygulamasına dokunun</li>



<li>İndirilmedi mi? Uygulama mağazanızdan ücretsiz edinin</li>
</ul>



<p><strong>Adım 2: Yeni bir çalma listesi başlatın</strong></p>



<div style="height:4px" aria-hidden="true" class="wp-block-spacer"></div>



<ol class="wp-block-list outdented-list">
<li>&#8216;Kitaplığınız&#8217;a dokunun ve &#8216;İşbirlikçi çalma listesi&#8217;ni seçin</li>



<li>Bir isim verin (örn. &#8216;Yağmurlu melodiler&#8217;)</li>



<li>&#8216;Oluştur&#8217;a dokunun</li>



<li>İşbirlikçileri davet edin</li>



<li>Bağlantıyı kopyalayın veya mesajlarda paylaşın</li>
</ol>



<p><strong>Adım 3: Şarkı ekleyin</strong></p>



<div style="height:4px" aria-hidden="true" class="wp-block-spacer"></div>



<ul class="wp-block-list dash-list outdented-list">
<li>Bir şarkı arayın (arama simgesine dokunun)</li>



<li>&#8216;Çalma listesine ekle&#8217;ye dokunun (şarkının yanında)</li>



<li>Yeni çalma listenizi seçin</li>



<li>Daha fazla şarkı için tekrarlayın</li>
</ul>
</div>



<div class="wp-block-column sage-column-align-bottom is-layout-flow wp-block-column-is-layout-flow" style="padding-top:var(--wp--preset--spacing--section-desktop);padding-bottom:0;padding-left:var(--wp--preset--spacing--70)">
<figure class="wp-block-image size-full float-right home-image-row-playlist-img"><img decoding="async" src="https://soundorigins.org/app/uploads/2025/10/phone-multi-languages.png" alt="" class="wp-image-1204"/></figure>
</div>
</div>

</div>
            </div>
            </section>


<section class="wp-elements-d263332b74bdfb628027433fd437b4d3 wp-block-section has-text-color has-purple-color has-background has-cream-3-background-color" style="">
                    <div class="w-full h-full">
                <div class="acf-innerblocks-container">

<div class="wp-block-columns is-style-vertical-center is-layout-flex wp-container-core-columns-is-layout-a5331a9e wp-block-columns-is-layout-flex" style="padding-top:0;padding-right:0;padding-bottom:0;padding-left:0">
<div class="wp-block-column is-layout-constrained wp-container-core-column-is-layout-782236d7 wp-block-column-is-layout-constrained">
<h2 class="wp-block-heading is-style-title-font has-purple-color has-text-color has-link-color wp-elements-38693f776e040df4a82cbfb23e77a166">Aileniz, topluluğunuz veya servisiniz için kendi çalma listenizi oluşturun. Sizinkini de bizimle paylaşırsanız çok memnun oluruz.</h2>



<div class="wp-block-buttons is-layout-flex wp-block-buttons-is-layout-flex">
<div class="wp-block-button"><a class="wp-block-button__link has-cream-3-color has-red-background-color has-text-color has-background has-link-color wp-element-button" href="https://soundorigins.org/connect/">Bizimle iletişime geçin</a></div>
</div>
</div>
</div>

</div>
            </div>
            </section>
