{"id":1352,"date":"2026-06-17T08:26:32","date_gmt":"2026-06-17T07:26:32","guid":{"rendered":"https:\/\/soundorigins.org\/\/?page_id=1352"},"modified":"2026-09-04T16:45:09","modified_gmt":"2026-09-04T15:45:09","slug":"ebeveyn-rehberi-2","status":"publish","type":"page","link":"https:\/\/soundorigins.org\/tr\/destek\/ebeveyn-rehberi-2\/","title":{"rendered":"E\u011fitim"},"content":{"rendered":"<div class=\"wp-elements-12d154120cb711f7a64367a4d415bb7e\">\n                    <div class=\"relative bg-cover bg-center bg-no-repeat w-full py-8 md:flex md:items-center md:py-0 md:min-h-[408px]\"\n             style=\"background-image: url('https:\/\/soundorigins.org\/app\/uploads\/2026\/06\/Training-banner.jpg')\" >\n            <div class=\"container\">\n  <div style=\"max-width: 890px\">\n                    <h1 class=\"font-title font-medium leading-[42px] md:leading-[59px]! text-[34px] md:text-[49px]! align wp-elements-12d154120cb711f7a64367a4d415bb7e wp-block-title has-text-color has-cream-color\">\n                                                    Sound Origins program\u0131n\u0131 okulunuzda uygulamaya koyman\u0131za yard\u0131mc\u0131 olmak amac\u0131yla bir dizi kaynak haz\u0131rlad\u0131k.  \n                                            <\/h1>\n                <\/div>\n<\/div>        <\/div>\n    <\/div>\n<section class=\"wp-block-section has-background has-cream-background-color\" style=\"\">\n                    <div class=\"w-full h-full\">\n                <div class=\"acf-innerblocks-container\">\n<div class=\"container\">\n  <nav class=\"sibling-nav flex flex-row flex-wrap rtl:flex-row-reverse items-center lg:gap-x-[230px] min-h-[74px] gap-x-[30px] gap-y-4 justify-start rtl:justify-end wp-block-page-navigation\">\n                  <a href=\"https:\/\/soundorigins.org\/tr\/destek\/ebeveyn-rehberi-2\/\"\n           class=\"sibling-nav-link font-title font-bold text-body tracking-[0.08em] uppercase text-purple no-underline relative transition-colors duration-300 ease-in-out current-page\">\n          E\u011fitim\n        <\/a>\n              <a href=\"https:\/\/soundorigins.org\/tr\/destek\/ebeveyn-rehberi-3\/\"\n           class=\"sibling-nav-link font-title font-bold text-body tracking-[0.08em] uppercase text-purple no-underline relative transition-colors duration-300 ease-in-out\">\n          Kaynaklar\n        <\/a>\n              <a href=\"https:\/\/soundorigins.org\/tr\/destek\/ebeveyn-rehberi-4\/\"\n           class=\"sibling-nav-link font-title font-bold text-body tracking-[0.08em] uppercase text-purple no-underline relative transition-colors duration-300 ease-in-out\">\n          Yay\u0131nlar\n        <\/a>\n          \n    \n      <\/nav>\n<\/div>\n<\/div>\n            <\/div>\n            <\/section>\n<section class=\"wp-block-section has-background has-pale-white-background-color\" style=\"\">\n                    <div class=\"w-full h-full\">\n                <div class=\"acf-innerblocks-container\">\n\n<figure class=\"wp-block-image size-full mb-0\"><img loading=\"lazy\" decoding=\"async\" width=\"2160\" height=\"630\" src=\"https:\/\/soundorigins.org\/\/app\/uploads\/2026\/06\/Training-sub-banner.jpg\" alt=\"\" class=\"wp-image-1468\" srcset=\"https:\/\/soundorigins.org\/app\/uploads\/2026\/06\/Training-sub-banner.jpg 2160w, https:\/\/soundorigins.org\/app\/uploads\/2026\/06\/Training-sub-banner-300x88.jpg 300w, https:\/\/soundorigins.org\/app\/uploads\/2026\/06\/Training-sub-banner-1024x299.jpg 1024w, https:\/\/soundorigins.org\/app\/uploads\/2026\/06\/Training-sub-banner-768x224.jpg 768w, https:\/\/soundorigins.org\/app\/uploads\/2026\/06\/Training-sub-banner-1536x448.jpg 1536w, https:\/\/soundorigins.org\/app\/uploads\/2026\/06\/Training-sub-banner-2048x597.jpg 2048w\" sizes=\"auto, (max-width: 2160px) 100vw, 2160px\" \/><\/figure>\n\n\n\n<div class=\"wp-block-columns is-layout-flex wp-container-core-columns-is-layout-7387b849 wp-block-columns-is-layout-flex\">\n<div class=\"wp-block-column is-layout-constrained wp-container-core-column-is-layout-ec3fe059 wp-block-column-is-layout-constrained\">\n<p class=\"wp-block-paragraph\"><em>Sound Origins<\/em>, hem ebeveynler hem de sa\u011fl\u0131k profesyonelleri destek g\u00f6rd\u00fc\u011f\u00fcnde ve s\u00fcrece dahil oldu\u011funda en iyi sonu\u00e7lar\u0131 verir. Sa\u011fl\u0131k profesyonellerinin <em>Sound Origins\u2019i<\/em> mevcut uygulamalar\u0131na ve hizmetlerine entegre etmelerine destek olmak \u00fczere tasarlanm\u0131\u015f e\u011fitimler sunuyoruz. E\u011fitimlerimiz, sa\u011fl\u0131k profesyonellerinin refah amac\u0131yla ses ve \u015fark\u0131n\u0131n g\u00fcvenli kullan\u0131m\u0131n\u0131 destekleme becerilerini geli\u015ftirmelerine yard\u0131mc\u0131 olur.  <\/p>\n\n\n\n<div class=\"wp-block-group is-layout-constrained wp-container-core-group-is-layout-f06853d0 wp-block-group-is-layout-constrained\">\n<p class=\"has-purple-color has-text-color has-link-color wp-elements-dc55ea6c1ecf5a4ad32fa255701824e9 wp-block-paragraph\"><br\/><strong>E\u011fitim nelerden olu\u015fuyor?<\/strong><\/p>\n\n\n\n<p class=\"has-purple-color has-text-color has-link-color wp-elements-e59a0c841282dd8b9b7a45634367d28d wp-block-paragraph\">Bu kurs, <em>\u201cSound Origins\u201d<\/em> m\u00fcdahalesini uygulamaya y\u00f6nelik yetkinli\u011finizi geli\u015ftirmeye odaklanmaktad\u0131r. Kurs, yenido\u011fan \u00fcnitesinde ciddi sa\u011fl\u0131k sorunlar\u0131 olan bebeklerin bak\u0131m\u0131nda bizzat deneyim sahibi olan ebeveynler ve uzmanlar taraf\u0131ndan ortakla\u015fa haz\u0131rlanm\u0131\u015ft\u0131r. <\/p>\n\n\n\n<p class=\"wp-block-paragraph\"><em>Sound Origins\u2019in amac\u0131 <\/em>, ebeveynlere ve uzmanlara destek olmak ve b\u00f6ylece onlar\u0131n bebeklere en iyi bak\u0131m\u0131 sunmalar\u0131n\u0131 ve m\u00fcmk\u00fcn olan en olumlu yenido\u011fan deneyimini ya\u015famalar\u0131n\u0131 <em>sa\u011flamakt\u0131r <\/em>.  <\/p>\n\n\n\n<p class=\"wp-block-paragraph\">Kursun sonunda \u015funlar\u0131 yapabilecek duruma geleceksiniz:<\/p>\n\n\n\n<ul class=\"wp-block-list\">\n<li>Ses ve \u015fark\u0131larla kurdu\u011funuz ba\u011flar\u0131n, refah\u0131n\u0131z\u0131 nas\u0131l destekledi\u011fine dikkat edin<\/li>\n\n\n\n<li>Belirsizli\u011fin ve yenido\u011fan hastaneye yat\u0131\u015flar\u0131n\u0131n etkisini de\u011ferlendirin  <\/li>\n\n\n\n<li><em>Sound Origins\u2019in<\/em>, ebeveynlerin belirsizlikle ba\u015fa \u00e7\u0131kmalar\u0131na ve ya\u015fayabilecekleri \u00e7e\u015fitli duygularla ba\u015fa \u00e7\u0131kmalar\u0131na nas\u0131l destek olabilece\u011fini \u00f6\u011frenin.  <\/li>\n\n\n\n<li>Ebeveynlerle, kendi seslerinde ve \u015fark\u0131lar\u0131nda g\u00f6rd\u00fckleri g\u00fc\u00e7l\u00fc y\u00f6nler hakk\u0131nda ileti\u015fim kurabilmek<\/li>\n\n\n\n<li>Ebeveynlerin bebekleriyle sesleri payla\u015fmay\u0131 d\u00fc\u015f\u00fcnmelerine g\u00fcvenli bir \u015fekilde destek olun<\/li>\n<\/ul>\n<\/div>\n\n\n\n<div class=\"wp-block-group is-layout-constrained wp-container-core-group-is-layout-f06853d0 wp-block-group-is-layout-constrained\">\n<p class=\"has-purple-color has-text-color has-link-color wp-elements-d9e3c52bac2b363d082e5fad8e1978ca wp-block-paragraph\"><br\/><strong><strong>Bu kimler i\u00e7in?<\/strong><\/strong><\/p>\n\n\n\n<p class=\"has-purple-color has-text-color has-link-color wp-elements-f5512d8de956bbb33e42760d6a499935 wp-block-paragraph\">Bu e\u011fitim, hem\u015fireler, doktorlar, ebeveyn destek arkada\u015flar\u0131, sosyal hizmet uzmanlar\u0131 ve t\u00fcm psikoloji alan\u0131ndaki profesyoneller i\u00e7in tasarlanm\u0131\u015ft\u0131r. Sound Origins, \u00f6ncelikle yenido\u011fan \u00fcnitelerinde \u00e7al\u0131\u015fanlar\u0131 desteklemek amac\u0131yla geli\u015ftirilmi\u015f olsa da, bu program\u0131n herhangi bir sa\u011fl\u0131k hizmeti ortam\u0131nda ebeveyn-bebek ili\u015fkilerini desteklemek i\u00e7in kullan\u0131labilece\u011fine inan\u0131yoruz. <\/p>\n\n\n<\/div>\n<\/div>\n<\/div>\n\n<\/div>\n            <\/div>\n            <\/section>\n<section class=\"py-(--wp--custom--spacing--section-padding-mobile-top) md:py-(--wp--custom--spacing--section-padding-desktop) wp-block-section has-background has-cream-3-background-color\" style=\"\">\n                    <div class=\"w-full h-full\">\n                <div class=\"acf-innerblocks-container\">\n<div class=\"w-full relative\">\n    <!-- Full-width carousel that allows slides to extend beyond container -->\n    <div\n      id=\"carousel-6a9bba49864f3\"\n      class=\"swiper relative testimonial-carousel\"\n      x-data=\"carousel()\"\n    >\n              <div class=\"testimonial-carousel-content mx-auto max-w-[790px] px-4 mb-6 md:mb-[29px]\">\n          <h2 class=\"text-purple text-balance font-sans! font-[700]! text-[18px]! leading-[130%]! tracking-normal not-italic\">\n            What people have said about Sound Origins\n          <\/h2>\n        <\/div>\n      \n      <!-- Additional required wrapper -->\n      <div class=\"swiper-wrapper\">\n        <!-- Slides -->\n                        <div class=\"swiper-slide\">\n          <div class=\"testimonial-carousel-content mx-auto max-w-[790px] px-4\">\n            \n            <div class=\"space-y-0\">\n                              <div class=\"text-purple font-sans font-medium text-[15px] leading-[130%] tracking-normal not-italic md:text-[18px]\">\n                  &#8220;It&#039;s a way to connect to connect among us [\u2026] not just because of the way we work, but because of the way we feel or see music or what the rhythms we like&#8221;                <\/div>\n              \n                              <div class=\"text-purple font-sans font-medium text-[15px] leading-[130%] tracking-normal not-italic md:text-[18px]\">\n                  \u2013 Nurse (anonymous)\n                <\/div>\n                          <\/div>\n          <\/div>\n        <\/div>\n                        <div class=\"swiper-slide\">\n          <div class=\"testimonial-carousel-content mx-auto max-w-[790px] px-4\">\n            \n            <div class=\"space-y-0\">\n                              <div class=\"text-purple font-sans font-medium text-[15px] leading-[130%] tracking-normal not-italic md:text-[18px]\">\n                  &#8220;We literally have so many nationalities in the unit. So imagine how many different music we&#039;re going to be all listening to!&#8221;                <\/div>\n              \n                              <div class=\"text-purple font-sans font-medium text-[15px] leading-[130%] tracking-normal not-italic md:text-[18px]\">\n                  \u2013 Nurse (anonymous)\n                <\/div>\n                          <\/div>\n          <\/div>\n        <\/div>\n                        <div class=\"swiper-slide\">\n          <div class=\"testimonial-carousel-content mx-auto max-w-[790px] px-4\">\n            \n            <div class=\"space-y-0\">\n                              <div class=\"text-purple font-sans font-medium text-[15px] leading-[130%] tracking-normal not-italic md:text-[18px]\">\n                  &#8220;It makes me relax. I like the diary. I can write what I feel while listening to the music&#8221;                <\/div>\n              \n                              <div class=\"text-purple font-sans font-medium text-[15px] leading-[130%] tracking-normal not-italic md:text-[18px]\">\n                  \u2013 NICU Parent\n                <\/div>\n                          <\/div>\n          <\/div>\n        <\/div>\n                        <div class=\"swiper-slide\">\n          <div class=\"testimonial-carousel-content mx-auto max-w-[790px] px-4\">\n            \n            <div class=\"space-y-0\">\n                              <div class=\"text-purple font-sans font-medium text-[15px] leading-[130%] tracking-normal not-italic md:text-[18px]\">\n                  &#8220;I don&#039;t know what could have helped me before, but these little, little things can\u2026 I&#039;m using it in my own time\u2026 I&#039;m calming myself so that I can give my baby a nice time\u2026 it really does help&#8221;                <\/div>\n              \n                              <div class=\"text-purple font-sans font-medium text-[15px] leading-[130%] tracking-normal not-italic md:text-[18px]\">\n                  \u2013 NICU Parent\n                <\/div>\n                          <\/div>\n          <\/div>\n        <\/div>\n                        <div class=\"swiper-slide\">\n          <div class=\"testimonial-carousel-content mx-auto max-w-[790px] px-4\">\n            \n            <div class=\"space-y-0\">\n                              <div class=\"text-purple font-sans font-medium text-[15px] leading-[130%] tracking-normal not-italic md:text-[18px]\">\n                  &#8220;Speaking with Kirsty and using the website resources has supported our practice in engaging families and their babies through sound. The narratives and tools have helped facilitate meaningful conversations about sound in relation to connection, communication, and belonging, offering a thoughtful and accessible perspective for parents and babies. &#8221;                <\/div>\n              \n                              <div class=\"text-purple font-sans font-medium text-[15px] leading-[130%] tracking-normal not-italic md:text-[18px]\">\n                  \u2013 Thomas Rowe, Occupational Therapist\n                <\/div>\n                          <\/div>\n          <\/div>\n        <\/div>\n                        <div class=\"swiper-slide\">\n          <div class=\"testimonial-carousel-content mx-auto max-w-[790px] px-4\">\n            \n            <div class=\"space-y-0\">\n                              <div class=\"text-purple font-sans font-medium text-[15px] leading-[130%] tracking-normal not-italic md:text-[18px]\">\n                  &#8220;I\u2019ve really enjoyed using Sound Origins in our supper club groups. The playlists provide a fantastic starting point for conversations about meaningful music, helping people share memories and connect with each other. We\u2019ve also seen how music and these play lists can support co-regulation with babies, which has been especially valuable for parents. It\u2019s a thoughtful and engaging resource that staff and families respond to very positively.&#8221;                <\/div>\n              \n                              <div class=\"text-purple font-sans font-medium text-[15px] leading-[130%] tracking-normal not-italic md:text-[18px]\">\n                  \u2013 Emily Hills, Clinical Specialist Occupational Therapist\n                <\/div>\n                          <\/div>\n          <\/div>\n        <\/div>\n              <\/div>\n  \n      <div class=\"mx-auto max-w-content px-4 pt-6 flex justify-center\">\n        <div class=\"swiper-pagination\"><\/div>\n      <\/div>\n\n      <!-- Navigation arrows positioned directly within swiper -->\n      <div class=\"swiper-button-prev carousel-arrow-prev hidden md:block\"><\/div>\n      <div class=\"swiper-button-next carousel-arrow-next hidden md:block\"><\/div>\n    <\/div>\n  <\/div>\n\n<\/div>\n            <\/div>\n            <\/section>\n","protected":false},"excerpt":{"rendered":"","protected":false},"author":1,"featured_media":0,"parent":1664,"menu_order":0,"comment_status":"closed","ping_status":"closed","template":"","meta":{"_acf_changed":false,"navigation_active_colour":"","footnotes":""},"class_list":["post-1352","page","type-page","status-publish","hentry"],"acf":[],"_links":{"self":[{"href":"https:\/\/soundorigins.org\/tr\/wp-json\/wp\/v2\/pages\/1352","targetHints":{"allow":["GET"]}}],"collection":[{"href":"https:\/\/soundorigins.org\/tr\/wp-json\/wp\/v2\/pages"}],"about":[{"href":"https:\/\/soundorigins.org\/tr\/wp-json\/wp\/v2\/types\/page"}],"author":[{"embeddable":true,"href":"https:\/\/soundorigins.org\/tr\/wp-json\/wp\/v2\/users\/1"}],"replies":[{"embeddable":true,"href":"https:\/\/soundorigins.org\/tr\/wp-json\/wp\/v2\/comments?post=1352"}],"version-history":[{"count":3,"href":"https:\/\/soundorigins.org\/tr\/wp-json\/wp\/v2\/pages\/1352\/revisions"}],"predecessor-version":[{"id":1653,"href":"https:\/\/soundorigins.org\/tr\/wp-json\/wp\/v2\/pages\/1352\/revisions\/1653"}],"up":[{"embeddable":true,"href":"https:\/\/soundorigins.org\/tr\/wp-json\/wp\/v2\/pages\/1664"}],"wp:attachment":[{"href":"https:\/\/soundorigins.org\/tr\/wp-json\/wp\/v2\/media?parent=1352"}],"curies":[{"name":"wp","href":"https:\/\/api.w.org\/{rel}","templated":true}]}}

Eğitim

<div class="wp-elements-12d154120cb711f7a64367a4d415bb7e">
                    <div class="relative bg-cover bg-center bg-no-repeat w-full py-8 md:flex md:items-center md:py-0 md:min-h-[408px]"
             style="background-image: url('https://soundorigins.org/app/uploads/2026/06/Training-banner.jpg')" >
            <div class="container">
  <div style="max-width: 890px">
                    <h1 class="font-title font-medium leading-[42px] md:leading-[59px]! text-[34px] md:text-[49px]! align wp-elements-12d154120cb711f7a64367a4d415bb7e wp-block-title has-text-color has-cream-color">
                                                    Sound Origins programını okulunuzda uygulamaya koymanıza yardımcı olmak amacıyla bir dizi kaynak hazırladık.  
                                            </h1>
                </div>
</div>        </div>
    </div>
<section class="wp-block-section has-background has-cream-background-color" style="">
                    <div class="w-full h-full">
                <div class="acf-innerblocks-container">
<div class="container">
  <nav class="sibling-nav flex flex-row flex-wrap rtl:flex-row-reverse items-center lg:gap-x-[230px] min-h-[74px] gap-x-[30px] gap-y-4 justify-start rtl:justify-end wp-block-page-navigation">
                  <a href="https://soundorigins.org/tr/destek/ebeveyn-rehberi-2/"
           class="sibling-nav-link font-title font-bold text-body tracking-[0.08em] uppercase text-purple no-underline relative transition-colors duration-300 ease-in-out current-page">
          Eğitim
        </a>
              <a href="https://soundorigins.org/tr/destek/ebeveyn-rehberi-3/"
           class="sibling-nav-link font-title font-bold text-body tracking-[0.08em] uppercase text-purple no-underline relative transition-colors duration-300 ease-in-out">
          Kaynaklar
        </a>
              <a href="https://soundorigins.org/tr/destek/ebeveyn-rehberi-4/"
           class="sibling-nav-link font-title font-bold text-body tracking-[0.08em] uppercase text-purple no-underline relative transition-colors duration-300 ease-in-out">
          Yayınlar
        </a>
          
    
      </nav>
</div>
</div>
            </div>
            </section>
<section class="wp-block-section has-background has-pale-white-background-color" style="">
                    <div class="w-full h-full">
                <div class="acf-innerblocks-container">

<figure class="wp-block-image size-full mb-0"><img loading="lazy" decoding="async" width="2160" height="630" src="https://soundorigins.org//app/uploads/2026/06/Training-sub-banner.jpg" alt="" class="wp-image-1468" srcset="https://soundorigins.org/app/uploads/2026/06/Training-sub-banner.jpg 2160w, https://soundorigins.org/app/uploads/2026/06/Training-sub-banner-300x88.jpg 300w, https://soundorigins.org/app/uploads/2026/06/Training-sub-banner-1024x299.jpg 1024w, https://soundorigins.org/app/uploads/2026/06/Training-sub-banner-768x224.jpg 768w, https://soundorigins.org/app/uploads/2026/06/Training-sub-banner-1536x448.jpg 1536w, https://soundorigins.org/app/uploads/2026/06/Training-sub-banner-2048x597.jpg 2048w" sizes="auto, (max-width: 2160px) 100vw, 2160px" /></figure>



<div class="wp-block-columns is-layout-flex wp-container-core-columns-is-layout-7387b849 wp-block-columns-is-layout-flex">
<div class="wp-block-column is-layout-constrained wp-container-core-column-is-layout-ec3fe059 wp-block-column-is-layout-constrained">
<p class="wp-block-paragraph"><em>Sound Origins</em>, hem ebeveynler hem de sağlık profesyonelleri destek gördüğünde ve sürece dahil olduğunda en iyi sonuçları verir. Sağlık profesyonellerinin <em>Sound Origins’i</em> mevcut uygulamalarına ve hizmetlerine entegre etmelerine destek olmak üzere tasarlanmış eğitimler sunuyoruz. Eğitimlerimiz, sağlık profesyonellerinin refah amacıyla ses ve şarkının güvenli kullanımını destekleme becerilerini geliştirmelerine yardımcı olur.  </p>



<div class="wp-block-group is-layout-constrained wp-container-core-group-is-layout-f06853d0 wp-block-group-is-layout-constrained">
<p class="has-purple-color has-text-color has-link-color wp-elements-dc55ea6c1ecf5a4ad32fa255701824e9 wp-block-paragraph"><br/><strong>Eğitim nelerden oluşuyor?</strong></p>



<p class="has-purple-color has-text-color has-link-color wp-elements-e59a0c841282dd8b9b7a45634367d28d wp-block-paragraph">Bu kurs, <em>“Sound Origins”</em> müdahalesini uygulamaya yönelik yetkinliğinizi geliştirmeye odaklanmaktadır. Kurs, yenidoğan ünitesinde ciddi sağlık sorunları olan bebeklerin bakımında bizzat deneyim sahibi olan ebeveynler ve uzmanlar tarafından ortaklaşa hazırlanmıştır. </p>



<p class="wp-block-paragraph"><em>Sound Origins’in amacı </em>, ebeveynlere ve uzmanlara destek olmak ve böylece onların bebeklere en iyi bakımı sunmalarını ve mümkün olan en olumlu yenidoğan deneyimini yaşamalarını <em>sağlamaktır </em>.  </p>



<p class="wp-block-paragraph">Kursun sonunda şunları yapabilecek duruma geleceksiniz:</p>



<ul class="wp-block-list">
<li>Ses ve şarkılarla kurduğunuz bağların, refahınızı nasıl desteklediğine dikkat edin</li>



<li>Belirsizliğin ve yenidoğan hastaneye yatışlarının etkisini değerlendirin  </li>



<li><em>Sound Origins’in</em>, ebeveynlerin belirsizlikle başa çıkmalarına ve yaşayabilecekleri çeşitli duygularla başa çıkmalarına nasıl destek olabileceğini öğrenin.  </li>



<li>Ebeveynlerle, kendi seslerinde ve şarkılarında gördükleri güçlü yönler hakkında iletişim kurabilmek</li>



<li>Ebeveynlerin bebekleriyle sesleri paylaşmayı düşünmelerine güvenli bir şekilde destek olun</li>
</ul>
</div>



<div class="wp-block-group is-layout-constrained wp-container-core-group-is-layout-f06853d0 wp-block-group-is-layout-constrained">
<p class="has-purple-color has-text-color has-link-color wp-elements-d9e3c52bac2b363d082e5fad8e1978ca wp-block-paragraph"><br/><strong><strong>Bu kimler için?</strong></strong></p>



<p class="has-purple-color has-text-color has-link-color wp-elements-f5512d8de956bbb33e42760d6a499935 wp-block-paragraph">Bu eğitim, hemşireler, doktorlar, ebeveyn destek arkadaşları, sosyal hizmet uzmanları ve tüm psikoloji alanındaki profesyoneller için tasarlanmıştır. Sound Origins, öncelikle yenidoğan ünitelerinde çalışanları desteklemek amacıyla geliştirilmiş olsa da, bu programın herhangi bir sağlık hizmeti ortamında ebeveyn-bebek ilişkilerini desteklemek için kullanılabileceğine inanıyoruz. </p>


</div>
</div>
</div>

</div>
            </div>
            </section>
<section class="py-(--wp--custom--spacing--section-padding-mobile-top) md:py-(--wp--custom--spacing--section-padding-desktop) wp-block-section has-background has-cream-3-background-color" style="">
                    <div class="w-full h-full">
                <div class="acf-innerblocks-container">
<div class="w-full relative">
    <!-- Full-width carousel that allows slides to extend beyond container -->
    <div
      id="carousel-6a9bba49864f3"
      class="swiper relative testimonial-carousel"
      x-data="carousel()"
    >
              <div class="testimonial-carousel-content mx-auto max-w-[790px] px-4 mb-6 md:mb-[29px]">
          <h2 class="text-purple text-balance font-sans! font-[700]! text-[18px]! leading-[130%]! tracking-normal not-italic">
            What people have said about Sound Origins
          </h2>
        </div>
      
      <!-- Additional required wrapper -->
      <div class="swiper-wrapper">
        <!-- Slides -->
                        <div class="swiper-slide">
          <div class="testimonial-carousel-content mx-auto max-w-[790px] px-4">
            
            <div class="space-y-0">
                              <div class="text-purple font-sans font-medium text-[15px] leading-[130%] tracking-normal not-italic md:text-[18px]">
                  &#8220;It&#039;s a way to connect to connect among us […] not just because of the way we work, but because of the way we feel or see music or what the rhythms we like&#8221;                </div>
              
                              <div class="text-purple font-sans font-medium text-[15px] leading-[130%] tracking-normal not-italic md:text-[18px]">
                  – Nurse (anonymous)
                </div>
                          </div>
          </div>
        </div>
                        <div class="swiper-slide">
          <div class="testimonial-carousel-content mx-auto max-w-[790px] px-4">
            
            <div class="space-y-0">
                              <div class="text-purple font-sans font-medium text-[15px] leading-[130%] tracking-normal not-italic md:text-[18px]">
                  &#8220;We literally have so many nationalities in the unit. So imagine how many different music we&#039;re going to be all listening to!&#8221;                </div>
              
                              <div class="text-purple font-sans font-medium text-[15px] leading-[130%] tracking-normal not-italic md:text-[18px]">
                  – Nurse (anonymous)
                </div>
                          </div>
          </div>
        </div>
                        <div class="swiper-slide">
          <div class="testimonial-carousel-content mx-auto max-w-[790px] px-4">
            
            <div class="space-y-0">
                              <div class="text-purple font-sans font-medium text-[15px] leading-[130%] tracking-normal not-italic md:text-[18px]">
                  &#8220;It makes me relax. I like the diary. I can write what I feel while listening to the music&#8221;                </div>
              
                              <div class="text-purple font-sans font-medium text-[15px] leading-[130%] tracking-normal not-italic md:text-[18px]">
                  – NICU Parent
                </div>
                          </div>
          </div>
        </div>
                        <div class="swiper-slide">
          <div class="testimonial-carousel-content mx-auto max-w-[790px] px-4">
            
            <div class="space-y-0">
                              <div class="text-purple font-sans font-medium text-[15px] leading-[130%] tracking-normal not-italic md:text-[18px]">
                  &#8220;I don&#039;t know what could have helped me before, but these little, little things can… I&#039;m using it in my own time… I&#039;m calming myself so that I can give my baby a nice time… it really does help&#8221;                </div>
              
                              <div class="text-purple font-sans font-medium text-[15px] leading-[130%] tracking-normal not-italic md:text-[18px]">
                  – NICU Parent
                </div>
                          </div>
          </div>
        </div>
                        <div class="swiper-slide">
          <div class="testimonial-carousel-content mx-auto max-w-[790px] px-4">
            
            <div class="space-y-0">
                              <div class="text-purple font-sans font-medium text-[15px] leading-[130%] tracking-normal not-italic md:text-[18px]">
                  &#8220;Speaking with Kirsty and using the website resources has supported our practice in engaging families and their babies through sound. The narratives and tools have helped facilitate meaningful conversations about sound in relation to connection, communication, and belonging, offering a thoughtful and accessible perspective for parents and babies. &#8221;                </div>
              
                              <div class="text-purple font-sans font-medium text-[15px] leading-[130%] tracking-normal not-italic md:text-[18px]">
                  – Thomas Rowe, Occupational Therapist
                </div>
                          </div>
          </div>
        </div>
                        <div class="swiper-slide">
          <div class="testimonial-carousel-content mx-auto max-w-[790px] px-4">
            
            <div class="space-y-0">
                              <div class="text-purple font-sans font-medium text-[15px] leading-[130%] tracking-normal not-italic md:text-[18px]">
                  &#8220;I’ve really enjoyed using Sound Origins in our supper club groups. The playlists provide a fantastic starting point for conversations about meaningful music, helping people share memories and connect with each other. We’ve also seen how music and these play lists can support co-regulation with babies, which has been especially valuable for parents. It’s a thoughtful and engaging resource that staff and families respond to very positively.&#8221;                </div>
              
                              <div class="text-purple font-sans font-medium text-[15px] leading-[130%] tracking-normal not-italic md:text-[18px]">
                  – Emily Hills, Clinical Specialist Occupational Therapist
                </div>
                          </div>
          </div>
        </div>
              </div>
  
      <div class="mx-auto max-w-content px-4 pt-6 flex justify-center">
        <div class="swiper-pagination"></div>
      </div>

      <!-- Navigation arrows positioned directly within swiper -->
      <div class="swiper-button-prev carousel-arrow-prev hidden md:block"></div>
      <div class="swiper-button-next carousel-arrow-next hidden md:block"></div>
    </div>
  </div>

</div>
            </div>
            </section>
