{"id":837,"date":"2025-07-20T14:33:47","date_gmt":"2025-07-20T13:33:47","guid":{"rendered":"https:\/\/soundorigins.kindred.agency\/daruri-muzicale\/"},"modified":"2025-09-25T16:15:02","modified_gmt":"2025-09-25T15:15:02","slug":"daruri-muzicale","status":"publish","type":"page","link":"https:\/\/soundorigins.org\/ro\/daruri-muzicale\/","title":{"rendered":"Daruri muzicale"},"content":{"rendered":"<div class=\"wp-elements-75af70c1bbe6befad2efbcf5ab597d66\">\n                    <div class=\"relative bg-cover bg-center bg-no-repeat w-full py-8 md:flex md:items-center md:py-0 md:min-h-[408px]\"\n             style=\"background-image: url('https:\/\/soundorigins.org\/app\/uploads\/2025\/07\/musical-gifts-interwoven-sounds-1_Adjust2-2-scaled.jpg')\" >\n            <div class=\"container\">\n  <div style=\"max-width: 925px\">\n                    <h1 class=\"font-title font-medium leading-[42px] md:leading-[59px]! text-[34px] md:text-[49px]! align wp-elements-75af70c1bbe6befad2efbcf5ab597d66 wp-block-title has-text-color has-cream-color\">\n                                                    Darurile pot fi \u00eemp\u0103rt\u0103\u0219ite de la<br \/>\r\ncomunitatea ta c\u0103tre tine \u0219i bebelu\u0219ul t\u0103u \u2013<br \/>\r\ncu ajutorul unui terapeut muzical dac\u0103<br \/>\r\nai nevoie\n                                            <\/h1>\n                <\/div>\n<\/div>        <\/div>\n    <\/div>\n<section class=\"wp-block-section has-background has-cream-2-background-color\" style=\"\">\n                    <div class=\"w-full h-full\">\n                <div class=\"acf-innerblocks-container\">\n\n<div class=\"wp-block-columns is-layout-flex wp-container-core-columns-is-layout-28f84493 wp-block-columns-is-layout-flex\">\n<div class=\"wp-block-column is-layout-constrained wp-container-core-column-is-layout-92ef7b19 wp-block-column-is-layout-constrained\">\n<p class=\"has-purple-color has-text-color has-link-color wp-elements-0f2a556436529462e0e7f9d732bb9142\">Pentru a celebra via\u021ba noului bebelu\u0219 care face parte din lumea ta, am vrea s\u0103 te invit\u0103m s\u0103 \u00eemp\u0103rt\u0103\u0219e\u0219ti un sunet sau un c\u00e2ntec cu el. Terapeutul muzical al unit\u0103\u021bii tale te poate ajuta s\u0103-l creezi. Ai putea \u00eemp\u0103rt\u0103\u0219i:  <\/p>\n<\/div>\n<\/div>\n\n<\/div>\n            <\/div>\n            <\/section>\n<section class=\"wp-block-section has-background has-cream-2-background-color\" style=\"\">\n                    <div class=\"container w-full h-full\">\n  <div class=\"acf-innerblocks-container\">\n\n<div class=\"wp-block-group circle-grid is-layout-grid wp-container-core-group-is-layout-988b637e wp-block-group-is-layout-grid\">\n<div class=\"wp-block-group is-layout-flow wp-block-group-is-layout-flow\">\n<figure class=\"wp-block-image size-large is-style-rounded\"><img decoding=\"async\" src=\"https:\/\/soundorigins.org\/app\/uploads\/2025\/07\/cfe93f6a35468dbff1c54306c6af02359155c564-1024x575.jpg\" alt=\"\" class=\"wp-image-201\" style=\"aspect-ratio:1;object-fit:cover\"\/><\/figure>\n\n\n\n<div style=\"height:var(--wp--preset--spacing--medium)\" aria-hidden=\"true\" class=\"wp-block-spacer\"><\/div>\n\n\n\n<p class=\"is-style-body-font has-purple-color has-text-color has-link-color wp-elements-e3fb3c3a886c20ab648318765b8f48f5\">Un c\u00e2ntec de familie care celebreaz\u0103 cultura sau copil\u0103ria ta<\/p>\n<\/div>\n\n\n\n<div class=\"wp-block-group is-layout-flow wp-block-group-is-layout-flow\">\n<figure class=\"wp-block-image size-large is-style-rounded\"><img decoding=\"async\" src=\"https:\/\/soundorigins.org\/app\/uploads\/2025\/07\/bb89d72fb86462d60e6a88b6b73213c1609de782-1024x683.jpg\" alt=\"\" class=\"wp-image-220\" style=\"aspect-ratio:1;object-fit:cover\"\/><\/figure>\n\n\n\n<div style=\"height:var(--wp--preset--spacing--medium)\" aria-hidden=\"true\" class=\"wp-block-spacer\"><\/div>\n\n\n\n<p class=\"is-style-body-font has-purple-color has-text-color has-link-color wp-elements-82d4bc153ff5aa1b12f2e32ca40e1ce8\">Un c\u00e2ntec de leag\u0103n sau c\u00e2ntece<\/p>\n<\/div>\n\n\n\n<div class=\"wp-block-group is-layout-flow wp-block-group-is-layout-flow\">\n<figure class=\"wp-block-image size-full is-style-rounded\"><img loading=\"lazy\" decoding=\"async\" width=\"600\" height=\"600\" src=\"https:\/\/soundorigins.org\/app\/uploads\/2025\/07\/book.jpg\" alt=\"\" class=\"wp-image-222\" style=\"aspect-ratio:1;object-fit:cover\" srcset=\"https:\/\/soundorigins.org\/app\/uploads\/2025\/07\/book.jpg 600w, https:\/\/soundorigins.org\/app\/uploads\/2025\/07\/book-300x300.jpg 300w, https:\/\/soundorigins.org\/app\/uploads\/2025\/07\/book-150x150.jpg 150w\" sizes=\"auto, (max-width: 600px) 100vw, 600px\" \/><\/figure>\n\n\n\n<div style=\"height:var(--wp--preset--spacing--medium)\" aria-hidden=\"true\" class=\"wp-block-spacer\"><\/div>\n\n\n\n<p class=\"is-style-body-font has-purple-color has-text-color has-link-color wp-elements-d05c32bb2f06f86936d9f97d71802e49\">Recit\u0103ri care ofer\u0103 putere \u0219i reasigurare<\/p>\n<\/div>\n\n\n\n<div class=\"wp-block-group is-layout-flow wp-block-group-is-layout-flow\">\n<figure class=\"wp-block-image size-full is-style-rounded\"><img loading=\"lazy\" decoding=\"async\" width=\"600\" height=\"600\" src=\"https:\/\/soundorigins.org\/app\/uploads\/2025\/07\/bowl.jpg\" alt=\"\" class=\"wp-image-224\" style=\"aspect-ratio:1;object-fit:cover\" srcset=\"https:\/\/soundorigins.org\/app\/uploads\/2025\/07\/bowl.jpg 600w, https:\/\/soundorigins.org\/app\/uploads\/2025\/07\/bowl-300x300.jpg 300w, https:\/\/soundorigins.org\/app\/uploads\/2025\/07\/bowl-150x150.jpg 150w\" sizes=\"auto, (max-width: 600px) 100vw, 600px\" \/><\/figure>\n\n\n\n<div style=\"height:var(--wp--preset--spacing--medium)\" aria-hidden=\"true\" class=\"wp-block-spacer\"><\/div>\n\n\n\n<p class=\"is-style-body-font has-purple-color has-text-color has-link-color wp-elements-c69000f9d0e1c56d35a0b2bfb6c08cbe\">C\u00e2ntece de sus\u021binere<\/p>\n<\/div>\n\n\n\n<div class=\"wp-block-group is-layout-flow wp-block-group-is-layout-flow\">\n<figure class=\"wp-block-image size-full is-style-rounded\"><img loading=\"lazy\" decoding=\"async\" width=\"600\" height=\"600\" src=\"https:\/\/soundorigins.org\/app\/uploads\/2025\/07\/book-open.jpg\" alt=\"\" class=\"wp-image-225\" style=\"aspect-ratio:1;object-fit:cover\" srcset=\"https:\/\/soundorigins.org\/app\/uploads\/2025\/07\/book-open.jpg 600w, https:\/\/soundorigins.org\/app\/uploads\/2025\/07\/book-open-300x300.jpg 300w, https:\/\/soundorigins.org\/app\/uploads\/2025\/07\/book-open-150x150.jpg 150w\" sizes=\"auto, (max-width: 600px) 100vw, 600px\" \/><\/figure>\n\n\n\n<div style=\"height:var(--wp--preset--spacing--medium)\" aria-hidden=\"true\" class=\"wp-block-spacer\"><\/div>\n\n\n\n<p class=\"is-style-body-font has-purple-color has-text-color has-link-color wp-elements-5f7b949d160f63a16e65ba196f627f01\">Poezii sau citirea unei c\u0103r\u021bi<\/p>\n<\/div>\n<\/div>\n\n<\/div>\n<\/div>            <\/section>\n<section class=\"wp-block-section has-background has-cream-2-background-color\" style=\"\">\n                    <div class=\"w-full h-full\">\n                <div class=\"acf-innerblocks-container\">\n\n<div class=\"wp-block-columns is-layout-flex wp-container-core-columns-is-layout-28f84493 wp-block-columns-is-layout-flex\">\n<div class=\"wp-block-column is-layout-constrained wp-container-core-column-is-layout-92ef7b19 wp-block-column-is-layout-constrained\">\n<h2 class=\"wp-block-heading has-purple-color has-text-color has-link-color wp-elements-7a9809ef06b1fba8ff610734236a6a17\">Darurile tale ar putea include cuvinte care \u00eemp\u0103rt\u0103\u0219esc speran\u021bele \u0219i visele tale pentru bebelu\u0219 sau ar putea avea sunete f\u0103r\u0103 cuvinte, cum ar fi instrumente, natur\u0103 sau fredonare.<\/h2>\n\n\n\n<p>Un terapeut muzical specializat \u00een sprijinirea p\u0103rin\u021bilor \u0219i a bebelu\u0219ilor din unitatea neonatal\u0103 te va ajuta s\u0103 creezi acest lucru \u00eentr-un mod util pentru bebelu\u0219ul din unitate. Apoi, po\u021bi trimite aceast\u0103 \u00eenregistrare ca o modalitate special\u0103 de a conecta bebelu\u0219ul cu familia sa \u0219i cu lumea larg\u0103.  <\/p>\n\n\n\n<p>\u00cencearc\u0103 s\u0103 creezi \u0219i s\u0103 \u00eemp\u0103rt\u0103\u0219e\u0219ti darul t\u0103u \u00een primele zece zile ale bebelu\u0219ului \u00een unitate, dac\u0103 po\u021bi. Sper\u0103m c\u0103 timpul petrecut cu terapeutul muzical te va ajuta s\u0103 faci acest lucru posibil. <\/p>\n<\/div>\n<\/div>\n\n<\/div>\n            <\/div>\n            <\/section>\n<section class=\"wp-block-section has-background has-cream-3-background-color\" style=\"\">\n                    <div class=\"container w-full h-full\">\n  <div class=\"acf-innerblocks-container\">\n\n<div class=\"wp-block-columns is-style-vertical-center is-layout-flex wp-container-core-columns-is-layout-a5331a9e wp-block-columns-is-layout-flex\" style=\"padding-top:0;padding-right:0;padding-bottom:0;padding-left:0\">\n<div class=\"wp-block-column is-layout-constrained wp-container-core-column-is-layout-782236d7 wp-block-column-is-layout-constrained\">\n<h2 class=\"wp-block-heading is-style-title-font has-purple-color has-text-color has-link-color wp-elements-983091af5ab11c04e36804f17a706a2d\">Dac\u0103 ai sugestii pentru cadouri, te rug\u0103m s\u0103 ne anun\u021bi.<br\/>Ideile tale ar putea inspira \u0219i consola \u0219i alte familii.<\/h2>\n\n\n\n<div class=\"wp-block-buttons is-layout-flex wp-block-buttons-is-layout-flex\">\n<div class=\"wp-block-button\"><a class=\"wp-block-button__link has-cream-3-color has-red-background-color has-text-color has-background has-link-color wp-element-button\" href=\"https:\/\/soundorigins.org\/connect\/\">\u00cemp\u0103rt\u0103\u0219e\u0219te cu noi<\/a><\/div>\n<\/div>\n<\/div>\n<\/div>\n\n<\/div>\n<\/div>            <\/section>\n","protected":false},"excerpt":{"rendered":"","protected":false},"author":1,"featured_media":0,"parent":0,"menu_order":0,"comment_status":"closed","ping_status":"closed","template":"","meta":{"_acf_changed":false,"navigation_active_colour":"","footnotes":""},"class_list":["post-837","page","type-page","status-publish","hentry"],"acf":[],"_links":{"self":[{"href":"https:\/\/soundorigins.org\/ro\/wp-json\/wp\/v2\/pages\/837","targetHints":{"allow":["GET"]}}],"collection":[{"href":"https:\/\/soundorigins.org\/ro\/wp-json\/wp\/v2\/pages"}],"about":[{"href":"https:\/\/soundorigins.org\/ro\/wp-json\/wp\/v2\/types\/page"}],"author":[{"embeddable":true,"href":"https:\/\/soundorigins.org\/ro\/wp-json\/wp\/v2\/users\/1"}],"replies":[{"embeddable":true,"href":"https:\/\/soundorigins.org\/ro\/wp-json\/wp\/v2\/comments?post=837"}],"version-history":[{"count":1,"href":"https:\/\/soundorigins.org\/ro\/wp-json\/wp\/v2\/pages\/837\/revisions"}],"predecessor-version":[{"id":846,"href":"https:\/\/soundorigins.org\/ro\/wp-json\/wp\/v2\/pages\/837\/revisions\/846"}],"wp:attachment":[{"href":"https:\/\/soundorigins.org\/ro\/wp-json\/wp\/v2\/media?parent=837"}],"curies":[{"name":"wp","href":"https:\/\/api.w.org\/{rel}","templated":true}]}}

<div class="wp-elements-75af70c1bbe6befad2efbcf5ab597d66">
                    <div class="relative bg-cover bg-center bg-no-repeat w-full py-8 md:flex md:items-center md:py-0 md:min-h-[408px]"
             style="background-image: url('https://soundorigins.org/app/uploads/2025/07/musical-gifts-interwoven-sounds-1_Adjust2-2-scaled.jpg')" >
            <div class="container">
  <div style="max-width: 925px">
                    <h1 class="font-title font-medium leading-[42px] md:leading-[59px]! text-[34px] md:text-[49px]! align wp-elements-75af70c1bbe6befad2efbcf5ab597d66 wp-block-title has-text-color has-cream-color">
                                                    Darurile pot fi împărtășite de la<br />
comunitatea ta către tine și bebelușul tău –<br />
cu ajutorul unui terapeut muzical dacă<br />
ai nevoie
                                            </h1>
                </div>
</div>        </div>
    </div>
<section class="wp-block-section has-background has-cream-2-background-color" style="">
                    <div class="w-full h-full">
                <div class="acf-innerblocks-container">

<div class="wp-block-columns is-layout-flex wp-container-core-columns-is-layout-28f84493 wp-block-columns-is-layout-flex">
<div class="wp-block-column is-layout-constrained wp-container-core-column-is-layout-92ef7b19 wp-block-column-is-layout-constrained">
<p class="has-purple-color has-text-color has-link-color wp-elements-0f2a556436529462e0e7f9d732bb9142">Pentru a celebra viața noului bebeluș care face parte din lumea ta, am vrea să te invităm să împărtășești un sunet sau un cântec cu el. Terapeutul muzical al unității tale te poate ajuta să-l creezi. Ai putea împărtăși:  </p>
</div>
</div>

</div>
            </div>
            </section>
<section class="wp-block-section has-background has-cream-2-background-color" style="">
                    <div class="container w-full h-full">
  <div class="acf-innerblocks-container">

<div class="wp-block-group circle-grid is-layout-grid wp-container-core-group-is-layout-988b637e wp-block-group-is-layout-grid">
<div class="wp-block-group is-layout-flow wp-block-group-is-layout-flow">
<figure class="wp-block-image size-large is-style-rounded"><img decoding="async" src="https://soundorigins.org/app/uploads/2025/07/cfe93f6a35468dbff1c54306c6af02359155c564-1024x575.jpg" alt="" class="wp-image-201" style="aspect-ratio:1;object-fit:cover"/></figure>



<div style="height:var(--wp--preset--spacing--medium)" aria-hidden="true" class="wp-block-spacer"></div>



<p class="is-style-body-font has-purple-color has-text-color has-link-color wp-elements-e3fb3c3a886c20ab648318765b8f48f5">Un cântec de familie care celebrează cultura sau copilăria ta</p>
</div>



<div class="wp-block-group is-layout-flow wp-block-group-is-layout-flow">
<figure class="wp-block-image size-large is-style-rounded"><img decoding="async" src="https://soundorigins.org/app/uploads/2025/07/bb89d72fb86462d60e6a88b6b73213c1609de782-1024x683.jpg" alt="" class="wp-image-220" style="aspect-ratio:1;object-fit:cover"/></figure>



<div style="height:var(--wp--preset--spacing--medium)" aria-hidden="true" class="wp-block-spacer"></div>



<p class="is-style-body-font has-purple-color has-text-color has-link-color wp-elements-82d4bc153ff5aa1b12f2e32ca40e1ce8">Un cântec de leagăn sau cântece</p>
</div>



<div class="wp-block-group is-layout-flow wp-block-group-is-layout-flow">
<figure class="wp-block-image size-full is-style-rounded"><img loading="lazy" decoding="async" width="600" height="600" src="https://soundorigins.org/app/uploads/2025/07/book.jpg" alt="" class="wp-image-222" style="aspect-ratio:1;object-fit:cover" srcset="https://soundorigins.org/app/uploads/2025/07/book.jpg 600w, https://soundorigins.org/app/uploads/2025/07/book-300x300.jpg 300w, https://soundorigins.org/app/uploads/2025/07/book-150x150.jpg 150w" sizes="auto, (max-width: 600px) 100vw, 600px" /></figure>



<div style="height:var(--wp--preset--spacing--medium)" aria-hidden="true" class="wp-block-spacer"></div>



<p class="is-style-body-font has-purple-color has-text-color has-link-color wp-elements-d05c32bb2f06f86936d9f97d71802e49">Recitări care oferă putere și reasigurare</p>
</div>



<div class="wp-block-group is-layout-flow wp-block-group-is-layout-flow">
<figure class="wp-block-image size-full is-style-rounded"><img loading="lazy" decoding="async" width="600" height="600" src="https://soundorigins.org/app/uploads/2025/07/bowl.jpg" alt="" class="wp-image-224" style="aspect-ratio:1;object-fit:cover" srcset="https://soundorigins.org/app/uploads/2025/07/bowl.jpg 600w, https://soundorigins.org/app/uploads/2025/07/bowl-300x300.jpg 300w, https://soundorigins.org/app/uploads/2025/07/bowl-150x150.jpg 150w" sizes="auto, (max-width: 600px) 100vw, 600px" /></figure>



<div style="height:var(--wp--preset--spacing--medium)" aria-hidden="true" class="wp-block-spacer"></div>



<p class="is-style-body-font has-purple-color has-text-color has-link-color wp-elements-c69000f9d0e1c56d35a0b2bfb6c08cbe">Cântece de susținere</p>
</div>



<div class="wp-block-group is-layout-flow wp-block-group-is-layout-flow">
<figure class="wp-block-image size-full is-style-rounded"><img loading="lazy" decoding="async" width="600" height="600" src="https://soundorigins.org/app/uploads/2025/07/book-open.jpg" alt="" class="wp-image-225" style="aspect-ratio:1;object-fit:cover" srcset="https://soundorigins.org/app/uploads/2025/07/book-open.jpg 600w, https://soundorigins.org/app/uploads/2025/07/book-open-300x300.jpg 300w, https://soundorigins.org/app/uploads/2025/07/book-open-150x150.jpg 150w" sizes="auto, (max-width: 600px) 100vw, 600px" /></figure>



<div style="height:var(--wp--preset--spacing--medium)" aria-hidden="true" class="wp-block-spacer"></div>



<p class="is-style-body-font has-purple-color has-text-color has-link-color wp-elements-5f7b949d160f63a16e65ba196f627f01">Poezii sau citirea unei cărți</p>
</div>
</div>

</div>
</div>            </section>
<section class="wp-block-section has-background has-cream-2-background-color" style="">
                    <div class="w-full h-full">
                <div class="acf-innerblocks-container">

<div class="wp-block-columns is-layout-flex wp-container-core-columns-is-layout-28f84493 wp-block-columns-is-layout-flex">
<div class="wp-block-column is-layout-constrained wp-container-core-column-is-layout-92ef7b19 wp-block-column-is-layout-constrained">
<h2 class="wp-block-heading has-purple-color has-text-color has-link-color wp-elements-7a9809ef06b1fba8ff610734236a6a17">Darurile tale ar putea include cuvinte care împărtășesc speranțele și visele tale pentru bebeluș sau ar putea avea sunete fără cuvinte, cum ar fi instrumente, natură sau fredonare.</h2>



<p>Un terapeut muzical specializat în sprijinirea părinților și a bebelușilor din unitatea neonatală te va ajuta să creezi acest lucru într-un mod util pentru bebelușul din unitate. Apoi, poți trimite această înregistrare ca o modalitate specială de a conecta bebelușul cu familia sa și cu lumea largă.  </p>



<p>Încearcă să creezi și să împărtășești darul tău în primele zece zile ale bebelușului în unitate, dacă poți. Sperăm că timpul petrecut cu terapeutul muzical te va ajuta să faci acest lucru posibil. </p>
</div>
</div>

</div>
            </div>
            </section>
<section class="wp-block-section has-background has-cream-3-background-color" style="">
                    <div class="container w-full h-full">
  <div class="acf-innerblocks-container">

<div class="wp-block-columns is-style-vertical-center is-layout-flex wp-container-core-columns-is-layout-a5331a9e wp-block-columns-is-layout-flex" style="padding-top:0;padding-right:0;padding-bottom:0;padding-left:0">
<div class="wp-block-column is-layout-constrained wp-container-core-column-is-layout-782236d7 wp-block-column-is-layout-constrained">
<h2 class="wp-block-heading is-style-title-font has-purple-color has-text-color has-link-color wp-elements-983091af5ab11c04e36804f17a706a2d">Dacă ai sugestii pentru cadouri, te rugăm să ne anunți.<br/>Ideile tale ar putea inspira și consola și alte familii.</h2>



<div class="wp-block-buttons is-layout-flex wp-block-buttons-is-layout-flex">
<div class="wp-block-button"><a class="wp-block-button__link has-cream-3-color has-red-background-color has-text-color has-background has-link-color wp-element-button" href="https://soundorigins.org/connect/">Împărtășește cu noi</a></div>
</div>
</div>
</div>

</div>
</div>            </section>
