{"id":1350,"date":"2026-06-17T08:26:32","date_gmt":"2026-06-17T07:26:32","guid":{"rendered":"https:\/\/soundorigins.org\/\/?page_id=1350"},"modified":"2026-09-04T16:45:02","modified_gmt":"2026-09-04T15:45:02","slug":"ghid-pentru-parinti-2","status":"publish","type":"page","link":"https:\/\/soundorigins.org\/ro\/asistenta\/ghid-pentru-parinti-2\/","title":{"rendered":"Formare"},"content":{"rendered":"<div class=\"wp-elements-19450d55f63a9d04215eb2621fd252c1\">\n                    <div class=\"relative bg-cover bg-center bg-no-repeat w-full py-8 md:flex md:items-center md:py-0 md:min-h-[408px]\"\n             style=\"background-image: url('https:\/\/soundorigins.org\/app\/uploads\/2026\/06\/Training-banner.jpg')\" >\n            <div class=\"container\">\n  <div style=\"max-width: 890px\">\n                    <h1 class=\"font-title font-medium leading-[42px] md:leading-[59px]! text-[34px] md:text-[49px]! align wp-elements-19450d55f63a9d04215eb2621fd252c1 wp-block-title has-text-color has-cream-color\">\n                                                    Am creat o serie de resurse menite s\u0103 v\u0103 ajute s\u0103 implementa\u021bi programul \u201eSound Origins\u201d \u00een activitatea dumneavoastr\u0103.  \n                                            <\/h1>\n                <\/div>\n<\/div>        <\/div>\n    <\/div>\n<section class=\"wp-block-section has-background has-cream-background-color\" style=\"\">\n                    <div class=\"w-full h-full\">\n                <div class=\"acf-innerblocks-container\">\n<div class=\"container\">\n  <nav class=\"sibling-nav flex flex-row flex-wrap rtl:flex-row-reverse items-center lg:gap-x-[230px] min-h-[74px] gap-x-[30px] gap-y-4 justify-start rtl:justify-end wp-block-page-navigation\">\n                  <a href=\"https:\/\/soundorigins.org\/ro\/asistenta\/ghid-pentru-parinti-2\/\"\n           class=\"sibling-nav-link font-title font-bold text-body tracking-[0.08em] uppercase text-purple no-underline relative transition-colors duration-300 ease-in-out current-page\">\n          Formare\n        <\/a>\n              <a href=\"https:\/\/soundorigins.org\/ro\/asistenta\/ghid-pentru-parinti-3\/\"\n           class=\"sibling-nav-link font-title font-bold text-body tracking-[0.08em] uppercase text-purple no-underline relative transition-colors duration-300 ease-in-out\">\n          Resurse\n        <\/a>\n              <a href=\"https:\/\/soundorigins.org\/ro\/asistenta\/ghid-pentru-parinti-4\/\"\n           class=\"sibling-nav-link font-title font-bold text-body tracking-[0.08em] uppercase text-purple no-underline relative transition-colors duration-300 ease-in-out\">\n          Publica\u021bii\n        <\/a>\n          \n    \n      <\/nav>\n<\/div>\n<\/div>\n            <\/div>\n            <\/section>\n<section class=\"wp-block-section has-background has-pale-white-background-color\" style=\"\">\n                    <div class=\"w-full h-full\">\n                <div class=\"acf-innerblocks-container\">\n\n<figure class=\"wp-block-image size-full mb-0\"><img loading=\"lazy\" decoding=\"async\" width=\"2160\" height=\"630\" src=\"https:\/\/soundorigins.org\/\/app\/uploads\/2026\/06\/Training-sub-banner.jpg\" alt=\"\" class=\"wp-image-1468\" srcset=\"https:\/\/soundorigins.org\/app\/uploads\/2026\/06\/Training-sub-banner.jpg 2160w, https:\/\/soundorigins.org\/app\/uploads\/2026\/06\/Training-sub-banner-300x88.jpg 300w, https:\/\/soundorigins.org\/app\/uploads\/2026\/06\/Training-sub-banner-1024x299.jpg 1024w, https:\/\/soundorigins.org\/app\/uploads\/2026\/06\/Training-sub-banner-768x224.jpg 768w, https:\/\/soundorigins.org\/app\/uploads\/2026\/06\/Training-sub-banner-1536x448.jpg 1536w, https:\/\/soundorigins.org\/app\/uploads\/2026\/06\/Training-sub-banner-2048x597.jpg 2048w\" sizes=\"auto, (max-width: 2160px) 100vw, 2160px\" \/><\/figure>\n\n\n\n<div class=\"wp-block-columns is-layout-flex wp-container-core-columns-is-layout-7387b849 wp-block-columns-is-layout-flex\">\n<div class=\"wp-block-column is-layout-constrained wp-container-core-column-is-layout-ec3fe059 wp-block-column-is-layout-constrained\">\n<p class=\"wp-block-paragraph\"><em>Programul Sound Origins<\/em> d\u0103 cele mai bune rezultate atunci c\u00e2nd at\u00e2t p\u0103rin\u021bii, c\u00e2t \u0219i speciali\u0219tii beneficiaz\u0103 de sprijin \u0219i se implic\u0103 activ. Oferim cursuri de formare concepute pentru a ajuta speciali\u0219tii din domeniul s\u0103n\u0103t\u0103\u021bii s\u0103 integreze <em>programul Sound Origins<\/em> \u00een practicile \u0219i serviciile lor existente. Cursurile noastre \u00eei ajut\u0103 pe speciali\u0219ti s\u0103-\u0219i dezvolte competen\u021bele necesare pentru a promova utilizarea \u00een condi\u021bii de siguran\u021b\u0103 a sunetului \u0219i a c\u00e2ntecului \u00een scopul \u00eembun\u0103t\u0103\u021birii st\u0103rii de bine.  <\/p>\n\n\n\n<div class=\"wp-block-group is-layout-constrained wp-container-core-group-is-layout-f06853d0 wp-block-group-is-layout-constrained\">\n<p class=\"has-purple-color has-text-color has-link-color wp-elements-1679a1a5273ccfe068cbf60484061508 wp-block-paragraph\"><br\/><strong>\u00cen ce const\u0103 cursul de formare?<\/strong><\/p>\n\n\n\n<p class=\"has-purple-color has-text-color has-link-color wp-elements-51d55bf7d4e673c5b62ad0ae5e58b417 wp-block-paragraph\">Acest curs are ca scop dezvoltarea competen\u021belor dumneavoastr\u0103 \u00een ceea ce prive\u0219te punerea \u00een aplicare a interven\u021biei <em>\u201eSound Origins<\/em> \u201d. Acesta a fost elaborat \u00een colaborare de p\u0103rin\u021bi \u0219i speciali\u0219ti care au experien\u021b\u0103 direct\u0103 \u00een \u00eengrijirea bebelu\u0219ilor grav bolnavi \u00een sec\u021bia de neonatologie. <\/p>\n\n\n\n<p class=\"wp-block-paragraph\"><em>Sound Origins are <\/em>ca scop sprijinirea p\u0103rin\u021bilor \u0219i a profesioni\u0219tilor, pentru ca ace\u0219tia s\u0103 poat\u0103 oferi cea mai bun\u0103 \u00eengrijire bebelu\u0219ilor \u0219i s\u0103 se bucure de o experien\u021b\u0103 neonatal\u0103 c\u00e2t mai pozitiv\u0103 posibil.  <\/p>\n\n\n\n<p class=\"wp-block-paragraph\">La finalul cursului, ve\u021bi:<\/p>\n\n\n\n<ul class=\"wp-block-list\">\n<li>Observ\u0103 cum propria ta leg\u0103tur\u0103 cu sunetul \u0219i c\u00e2ntecul \u00ee\u021bi sus\u021bine starea de bine<\/li>\n\n\n\n<li>Recunoa\u0219terea impactului incertitudinii \u0219i al intern\u0103rii neonatale  <\/li>\n\n\n\n<li>Afla\u021bi cum <em>Sound Origins<\/em> \u00eei poate ajuta pe p\u0103rin\u021bi s\u0103 fac\u0103 fa\u021b\u0103 incertitudinii \u0219i gamei de emo\u021bii pe care le pot tr\u0103i.  <\/li>\n\n\n\n<li>S\u0103 fie capabili s\u0103 discute cu p\u0103rin\u021bii despre punctele forte pe care ace\u0219tia le identific\u0103 \u00een propriile sunete \u0219i c\u00e2ntece<\/li>\n\n\n\n<li>Sprijini\u021bi p\u0103rin\u021bii, \u00eentr-un mod sigur, s\u0103 se g\u00e2ndeasc\u0103 la a \u00eemp\u0103rt\u0103\u0219i sunete cu bebelu\u0219ul lor<\/li>\n<\/ul>\n<\/div>\n\n\n\n<div class=\"wp-block-group is-layout-constrained wp-container-core-group-is-layout-f06853d0 wp-block-group-is-layout-constrained\">\n<p class=\"has-purple-color has-text-color has-link-color wp-elements-9dc0ce9e36765ed3a1b85d416e8d00ef wp-block-paragraph\"><br\/><strong><strong>Cui se adreseaz\u0103?<\/strong><\/strong><\/p>\n\n\n\n<p class=\"has-purple-color has-text-color has-link-color wp-elements-061cd05146f10b7ad22c34c202b1ac0e wp-block-paragraph\">Cursul este conceput pentru a veni \u00een sprijinul: asisten\u021bilor medicali, medicilor, mentorilor pentru sprijinul p\u0103rin\u021bilor, asisten\u021bilor sociali \u0219i oric\u0103rui specialist \u00een psihologie. De\u0219i programul \u201eSound Origins\u201d a fost dezvoltat ini\u021bial pentru a veni \u00een sprijinul personalului din sec\u021biile de neonatologie, consider\u0103m c\u0103 acesta poate fi utilizat pentru a sprijini rela\u021biile dintre p\u0103rin\u021bi \u0219i nou-n\u0103scu\u021bi \u00een orice cadru medical. <\/p>\n\n\n<\/div>\n<\/div>\n<\/div>\n\n<\/div>\n            <\/div>\n            <\/section>\n<section class=\"py-(--wp--custom--spacing--section-padding-mobile-top) md:py-(--wp--custom--spacing--section-padding-desktop) wp-block-section has-background has-cream-3-background-color\" style=\"\">\n                    <div class=\"w-full h-full\">\n                <div class=\"acf-innerblocks-container\">\n<div class=\"w-full relative\">\n    <!-- Full-width carousel that allows slides to extend beyond container -->\n    <div\n      id=\"carousel-6a9bba49889ff\"\n      class=\"swiper relative testimonial-carousel\"\n      x-data=\"carousel()\"\n    >\n              <div class=\"testimonial-carousel-content mx-auto max-w-[790px] px-4 mb-6 md:mb-[29px]\">\n          <h2 class=\"text-purple text-balance font-sans! font-[700]! text-[18px]! leading-[130%]! tracking-normal not-italic\">\n            What people have said about Sound Origins\n          <\/h2>\n        <\/div>\n      \n      <!-- Additional required wrapper -->\n      <div class=\"swiper-wrapper\">\n        <!-- Slides -->\n                        <div class=\"swiper-slide\">\n          <div class=\"testimonial-carousel-content mx-auto max-w-[790px] px-4\">\n            \n            <div class=\"space-y-0\">\n                              <div class=\"text-purple font-sans font-medium text-[15px] leading-[130%] tracking-normal not-italic md:text-[18px]\">\n                  &#8220;It&#039;s a way to connect to connect among us [\u2026] not just because of the way we work, but because of the way we feel or see music or what the rhythms we like&#8221;                <\/div>\n              \n                              <div class=\"text-purple font-sans font-medium text-[15px] leading-[130%] tracking-normal not-italic md:text-[18px]\">\n                  \u2013 Nurse (anonymous)\n                <\/div>\n                          <\/div>\n          <\/div>\n        <\/div>\n                        <div class=\"swiper-slide\">\n          <div class=\"testimonial-carousel-content mx-auto max-w-[790px] px-4\">\n            \n            <div class=\"space-y-0\">\n                              <div class=\"text-purple font-sans font-medium text-[15px] leading-[130%] tracking-normal not-italic md:text-[18px]\">\n                  &#8220;We literally have so many nationalities in the unit. So imagine how many different music we&#039;re going to be all listening to!&#8221;                <\/div>\n              \n                              <div class=\"text-purple font-sans font-medium text-[15px] leading-[130%] tracking-normal not-italic md:text-[18px]\">\n                  \u2013 Nurse (anonymous)\n                <\/div>\n                          <\/div>\n          <\/div>\n        <\/div>\n                        <div class=\"swiper-slide\">\n          <div class=\"testimonial-carousel-content mx-auto max-w-[790px] px-4\">\n            \n            <div class=\"space-y-0\">\n                              <div class=\"text-purple font-sans font-medium text-[15px] leading-[130%] tracking-normal not-italic md:text-[18px]\">\n                  &#8220;It makes me relax. I like the diary. I can write what I feel while listening to the music&#8221;                <\/div>\n              \n                              <div class=\"text-purple font-sans font-medium text-[15px] leading-[130%] tracking-normal not-italic md:text-[18px]\">\n                  \u2013 NICU Parent\n                <\/div>\n                          <\/div>\n          <\/div>\n        <\/div>\n                        <div class=\"swiper-slide\">\n          <div class=\"testimonial-carousel-content mx-auto max-w-[790px] px-4\">\n            \n            <div class=\"space-y-0\">\n                              <div class=\"text-purple font-sans font-medium text-[15px] leading-[130%] tracking-normal not-italic md:text-[18px]\">\n                  &#8220;I don&#039;t know what could have helped me before, but these little, little things can\u2026 I&#039;m using it in my own time\u2026 I&#039;m calming myself so that I can give my baby a nice time\u2026 it really does help&#8221;                <\/div>\n              \n                              <div class=\"text-purple font-sans font-medium text-[15px] leading-[130%] tracking-normal not-italic md:text-[18px]\">\n                  \u2013 NICU Parent\n                <\/div>\n                          <\/div>\n          <\/div>\n        <\/div>\n                        <div class=\"swiper-slide\">\n          <div class=\"testimonial-carousel-content mx-auto max-w-[790px] px-4\">\n            \n            <div class=\"space-y-0\">\n                              <div class=\"text-purple font-sans font-medium text-[15px] leading-[130%] tracking-normal not-italic md:text-[18px]\">\n                  &#8220;Speaking with Kirsty and using the website resources has supported our practice in engaging families and their babies through sound. The narratives and tools have helped facilitate meaningful conversations about sound in relation to connection, communication, and belonging, offering a thoughtful and accessible perspective for parents and babies. &#8221;                <\/div>\n              \n                              <div class=\"text-purple font-sans font-medium text-[15px] leading-[130%] tracking-normal not-italic md:text-[18px]\">\n                  \u2013 Thomas Rowe, Occupational Therapist\n                <\/div>\n                          <\/div>\n          <\/div>\n        <\/div>\n                        <div class=\"swiper-slide\">\n          <div class=\"testimonial-carousel-content mx-auto max-w-[790px] px-4\">\n            \n            <div class=\"space-y-0\">\n                              <div class=\"text-purple font-sans font-medium text-[15px] leading-[130%] tracking-normal not-italic md:text-[18px]\">\n                  &#8220;I\u2019ve really enjoyed using Sound Origins in our supper club groups. The playlists provide a fantastic starting point for conversations about meaningful music, helping people share memories and connect with each other. We\u2019ve also seen how music and these play lists can support co-regulation with babies, which has been especially valuable for parents. It\u2019s a thoughtful and engaging resource that staff and families respond to very positively.&#8221;                <\/div>\n              \n                              <div class=\"text-purple font-sans font-medium text-[15px] leading-[130%] tracking-normal not-italic md:text-[18px]\">\n                  \u2013 Emily Hills, Clinical Specialist Occupational Therapist\n                <\/div>\n                          <\/div>\n          <\/div>\n        <\/div>\n              <\/div>\n  \n      <div class=\"mx-auto max-w-content px-4 pt-6 flex justify-center\">\n        <div class=\"swiper-pagination\"><\/div>\n      <\/div>\n\n      <!-- Navigation arrows positioned directly within swiper -->\n      <div class=\"swiper-button-prev carousel-arrow-prev hidden md:block\"><\/div>\n      <div class=\"swiper-button-next carousel-arrow-next hidden md:block\"><\/div>\n    <\/div>\n  <\/div>\n\n<\/div>\n            <\/div>\n            <\/section>\n","protected":false},"excerpt":{"rendered":"","protected":false},"author":1,"featured_media":0,"parent":1660,"menu_order":0,"comment_status":"closed","ping_status":"closed","template":"","meta":{"_acf_changed":false,"navigation_active_colour":"","footnotes":""},"class_list":["post-1350","page","type-page","status-publish","hentry"],"acf":[],"_links":{"self":[{"href":"https:\/\/soundorigins.org\/ro\/wp-json\/wp\/v2\/pages\/1350","targetHints":{"allow":["GET"]}}],"collection":[{"href":"https:\/\/soundorigins.org\/ro\/wp-json\/wp\/v2\/pages"}],"about":[{"href":"https:\/\/soundorigins.org\/ro\/wp-json\/wp\/v2\/types\/page"}],"author":[{"embeddable":true,"href":"https:\/\/soundorigins.org\/ro\/wp-json\/wp\/v2\/users\/1"}],"replies":[{"embeddable":true,"href":"https:\/\/soundorigins.org\/ro\/wp-json\/wp\/v2\/comments?post=1350"}],"version-history":[{"count":3,"href":"https:\/\/soundorigins.org\/ro\/wp-json\/wp\/v2\/pages\/1350\/revisions"}],"predecessor-version":[{"id":1647,"href":"https:\/\/soundorigins.org\/ro\/wp-json\/wp\/v2\/pages\/1350\/revisions\/1647"}],"up":[{"embeddable":true,"href":"https:\/\/soundorigins.org\/ro\/wp-json\/wp\/v2\/pages\/1660"}],"wp:attachment":[{"href":"https:\/\/soundorigins.org\/ro\/wp-json\/wp\/v2\/media?parent=1350"}],"curies":[{"name":"wp","href":"https:\/\/api.w.org\/{rel}","templated":true}]}}

<div class="wp-elements-19450d55f63a9d04215eb2621fd252c1">
                    <div class="relative bg-cover bg-center bg-no-repeat w-full py-8 md:flex md:items-center md:py-0 md:min-h-[408px]"
             style="background-image: url('https://soundorigins.org/app/uploads/2026/06/Training-banner.jpg')" >
            <div class="container">
  <div style="max-width: 890px">
                    <h1 class="font-title font-medium leading-[42px] md:leading-[59px]! text-[34px] md:text-[49px]! align wp-elements-19450d55f63a9d04215eb2621fd252c1 wp-block-title has-text-color has-cream-color">
                                                    Am creat o serie de resurse menite să vă ajute să implementați programul „Sound Origins” în activitatea dumneavoastră.  
                                            </h1>
                </div>
</div>        </div>
    </div>
<section class="wp-block-section has-background has-cream-background-color" style="">
                    <div class="w-full h-full">
                <div class="acf-innerblocks-container">
<div class="container">
  <nav class="sibling-nav flex flex-row flex-wrap rtl:flex-row-reverse items-center lg:gap-x-[230px] min-h-[74px] gap-x-[30px] gap-y-4 justify-start rtl:justify-end wp-block-page-navigation">
                  <a href="https://soundorigins.org/ro/asistenta/ghid-pentru-parinti-2/"
           class="sibling-nav-link font-title font-bold text-body tracking-[0.08em] uppercase text-purple no-underline relative transition-colors duration-300 ease-in-out current-page">
          Formare
        </a>
              <a href="https://soundorigins.org/ro/asistenta/ghid-pentru-parinti-3/"
           class="sibling-nav-link font-title font-bold text-body tracking-[0.08em] uppercase text-purple no-underline relative transition-colors duration-300 ease-in-out">
          Resurse
        </a>
              <a href="https://soundorigins.org/ro/asistenta/ghid-pentru-parinti-4/"
           class="sibling-nav-link font-title font-bold text-body tracking-[0.08em] uppercase text-purple no-underline relative transition-colors duration-300 ease-in-out">
          Publicații
        </a>
          
    
      </nav>
</div>
</div>
            </div>
            </section>
<section class="wp-block-section has-background has-pale-white-background-color" style="">
                    <div class="w-full h-full">
                <div class="acf-innerblocks-container">

<figure class="wp-block-image size-full mb-0"><img loading="lazy" decoding="async" width="2160" height="630" src="https://soundorigins.org//app/uploads/2026/06/Training-sub-banner.jpg" alt="" class="wp-image-1468" srcset="https://soundorigins.org/app/uploads/2026/06/Training-sub-banner.jpg 2160w, https://soundorigins.org/app/uploads/2026/06/Training-sub-banner-300x88.jpg 300w, https://soundorigins.org/app/uploads/2026/06/Training-sub-banner-1024x299.jpg 1024w, https://soundorigins.org/app/uploads/2026/06/Training-sub-banner-768x224.jpg 768w, https://soundorigins.org/app/uploads/2026/06/Training-sub-banner-1536x448.jpg 1536w, https://soundorigins.org/app/uploads/2026/06/Training-sub-banner-2048x597.jpg 2048w" sizes="auto, (max-width: 2160px) 100vw, 2160px" /></figure>



<div class="wp-block-columns is-layout-flex wp-container-core-columns-is-layout-7387b849 wp-block-columns-is-layout-flex">
<div class="wp-block-column is-layout-constrained wp-container-core-column-is-layout-ec3fe059 wp-block-column-is-layout-constrained">
<p class="wp-block-paragraph"><em>Programul Sound Origins</em> dă cele mai bune rezultate atunci când atât părinții, cât și specialiștii beneficiază de sprijin și se implică activ. Oferim cursuri de formare concepute pentru a ajuta specialiștii din domeniul sănătății să integreze <em>programul Sound Origins</em> în practicile și serviciile lor existente. Cursurile noastre îi ajută pe specialiști să-și dezvolte competențele necesare pentru a promova utilizarea în condiții de siguranță a sunetului și a cântecului în scopul îmbunătățirii stării de bine.  </p>



<div class="wp-block-group is-layout-constrained wp-container-core-group-is-layout-f06853d0 wp-block-group-is-layout-constrained">
<p class="has-purple-color has-text-color has-link-color wp-elements-1679a1a5273ccfe068cbf60484061508 wp-block-paragraph"><br/><strong>În ce constă cursul de formare?</strong></p>



<p class="has-purple-color has-text-color has-link-color wp-elements-51d55bf7d4e673c5b62ad0ae5e58b417 wp-block-paragraph">Acest curs are ca scop dezvoltarea competențelor dumneavoastră în ceea ce privește punerea în aplicare a intervenției <em>„Sound Origins</em> ”. Acesta a fost elaborat în colaborare de părinți și specialiști care au experiență directă în îngrijirea bebelușilor grav bolnavi în secția de neonatologie. </p>



<p class="wp-block-paragraph"><em>Sound Origins are </em>ca scop sprijinirea părinților și a profesioniștilor, pentru ca aceștia să poată oferi cea mai bună îngrijire bebelușilor și să se bucure de o experiență neonatală cât mai pozitivă posibil.  </p>



<p class="wp-block-paragraph">La finalul cursului, veți:</p>



<ul class="wp-block-list">
<li>Observă cum propria ta legătură cu sunetul și cântecul îți susține starea de bine</li>



<li>Recunoașterea impactului incertitudinii și al internării neonatale  </li>



<li>Aflați cum <em>Sound Origins</em> îi poate ajuta pe părinți să facă față incertitudinii și gamei de emoții pe care le pot trăi.  </li>



<li>Să fie capabili să discute cu părinții despre punctele forte pe care aceștia le identifică în propriile sunete și cântece</li>



<li>Sprijiniți părinții, într-un mod sigur, să se gândească la a împărtăși sunete cu bebelușul lor</li>
</ul>
</div>



<div class="wp-block-group is-layout-constrained wp-container-core-group-is-layout-f06853d0 wp-block-group-is-layout-constrained">
<p class="has-purple-color has-text-color has-link-color wp-elements-9dc0ce9e36765ed3a1b85d416e8d00ef wp-block-paragraph"><br/><strong><strong>Cui se adresează?</strong></strong></p>



<p class="has-purple-color has-text-color has-link-color wp-elements-061cd05146f10b7ad22c34c202b1ac0e wp-block-paragraph">Cursul este conceput pentru a veni în sprijinul: asistenților medicali, medicilor, mentorilor pentru sprijinul părinților, asistenților sociali și oricărui specialist în psihologie. Deși programul „Sound Origins” a fost dezvoltat inițial pentru a veni în sprijinul personalului din secțiile de neonatologie, considerăm că acesta poate fi utilizat pentru a sprijini relațiile dintre părinți și nou-născuți în orice cadru medical. </p>


</div>
</div>
</div>

</div>
            </div>
            </section>
<section class="py-(--wp--custom--spacing--section-padding-mobile-top) md:py-(--wp--custom--spacing--section-padding-desktop) wp-block-section has-background has-cream-3-background-color" style="">
                    <div class="w-full h-full">
                <div class="acf-innerblocks-container">
<div class="w-full relative">
    <!-- Full-width carousel that allows slides to extend beyond container -->
    <div
      id="carousel-6a9bba49889ff"
      class="swiper relative testimonial-carousel"
      x-data="carousel()"
    >
              <div class="testimonial-carousel-content mx-auto max-w-[790px] px-4 mb-6 md:mb-[29px]">
          <h2 class="text-purple text-balance font-sans! font-[700]! text-[18px]! leading-[130%]! tracking-normal not-italic">
            What people have said about Sound Origins
          </h2>
        </div>
      
      <!-- Additional required wrapper -->
      <div class="swiper-wrapper">
        <!-- Slides -->
                        <div class="swiper-slide">
          <div class="testimonial-carousel-content mx-auto max-w-[790px] px-4">
            
            <div class="space-y-0">
                              <div class="text-purple font-sans font-medium text-[15px] leading-[130%] tracking-normal not-italic md:text-[18px]">
                  &#8220;It&#039;s a way to connect to connect among us […] not just because of the way we work, but because of the way we feel or see music or what the rhythms we like&#8221;                </div>
              
                              <div class="text-purple font-sans font-medium text-[15px] leading-[130%] tracking-normal not-italic md:text-[18px]">
                  – Nurse (anonymous)
                </div>
                          </div>
          </div>
        </div>
                        <div class="swiper-slide">
          <div class="testimonial-carousel-content mx-auto max-w-[790px] px-4">
            
            <div class="space-y-0">
                              <div class="text-purple font-sans font-medium text-[15px] leading-[130%] tracking-normal not-italic md:text-[18px]">
                  &#8220;We literally have so many nationalities in the unit. So imagine how many different music we&#039;re going to be all listening to!&#8221;                </div>
              
                              <div class="text-purple font-sans font-medium text-[15px] leading-[130%] tracking-normal not-italic md:text-[18px]">
                  – Nurse (anonymous)
                </div>
                          </div>
          </div>
        </div>
                        <div class="swiper-slide">
          <div class="testimonial-carousel-content mx-auto max-w-[790px] px-4">
            
            <div class="space-y-0">
                              <div class="text-purple font-sans font-medium text-[15px] leading-[130%] tracking-normal not-italic md:text-[18px]">
                  &#8220;It makes me relax. I like the diary. I can write what I feel while listening to the music&#8221;                </div>
              
                              <div class="text-purple font-sans font-medium text-[15px] leading-[130%] tracking-normal not-italic md:text-[18px]">
                  – NICU Parent
                </div>
                          </div>
          </div>
        </div>
                        <div class="swiper-slide">
          <div class="testimonial-carousel-content mx-auto max-w-[790px] px-4">
            
            <div class="space-y-0">
                              <div class="text-purple font-sans font-medium text-[15px] leading-[130%] tracking-normal not-italic md:text-[18px]">
                  &#8220;I don&#039;t know what could have helped me before, but these little, little things can… I&#039;m using it in my own time… I&#039;m calming myself so that I can give my baby a nice time… it really does help&#8221;                </div>
              
                              <div class="text-purple font-sans font-medium text-[15px] leading-[130%] tracking-normal not-italic md:text-[18px]">
                  – NICU Parent
                </div>
                          </div>
          </div>
        </div>
                        <div class="swiper-slide">
          <div class="testimonial-carousel-content mx-auto max-w-[790px] px-4">
            
            <div class="space-y-0">
                              <div class="text-purple font-sans font-medium text-[15px] leading-[130%] tracking-normal not-italic md:text-[18px]">
                  &#8220;Speaking with Kirsty and using the website resources has supported our practice in engaging families and their babies through sound. The narratives and tools have helped facilitate meaningful conversations about sound in relation to connection, communication, and belonging, offering a thoughtful and accessible perspective for parents and babies. &#8221;                </div>
              
                              <div class="text-purple font-sans font-medium text-[15px] leading-[130%] tracking-normal not-italic md:text-[18px]">
                  – Thomas Rowe, Occupational Therapist
                </div>
                          </div>
          </div>
        </div>
                        <div class="swiper-slide">
          <div class="testimonial-carousel-content mx-auto max-w-[790px] px-4">
            
            <div class="space-y-0">
                              <div class="text-purple font-sans font-medium text-[15px] leading-[130%] tracking-normal not-italic md:text-[18px]">
                  &#8220;I’ve really enjoyed using Sound Origins in our supper club groups. The playlists provide a fantastic starting point for conversations about meaningful music, helping people share memories and connect with each other. We’ve also seen how music and these play lists can support co-regulation with babies, which has been especially valuable for parents. It’s a thoughtful and engaging resource that staff and families respond to very positively.&#8221;                </div>
              
                              <div class="text-purple font-sans font-medium text-[15px] leading-[130%] tracking-normal not-italic md:text-[18px]">
                  – Emily Hills, Clinical Specialist Occupational Therapist
                </div>
                          </div>
          </div>
        </div>
              </div>
  
      <div class="mx-auto max-w-content px-4 pt-6 flex justify-center">
        <div class="swiper-pagination"></div>
      </div>

      <!-- Navigation arrows positioned directly within swiper -->
      <div class="swiper-button-prev carousel-arrow-prev hidden md:block"></div>
      <div class="swiper-button-next carousel-arrow-next hidden md:block"></div>
    </div>
  </div>

</div>
            </div>
            </section>
